{"id":8529,"date":"2021-07-01T09:23:49","date_gmt":"2021-07-01T12:23:49","guid":{"rendered":"https:\/\/comunhaoespirita.net\/portal\/?post_type=tribe_events&#038;p=8529"},"modified":"2026-02-13T16:12:27","modified_gmt":"2026-02-13T19:12:27","slug":"grupo-de-harmonizacao-chico-xavier-11","status":"publish","type":"tribe_events","link":"https:\/\/comunhaoespirita.org.br\/portal\/palestra-ou-evento\/grupo-de-harmonizacao-chico-xavier-11\/","title":{"rendered":"Grupo de Harmoniza\u00e7\u00e3o Chico Xavier"},"content":{"rendered":"<p>Conhe\u00e7a o Nosso Grupo de Harmoniza\u00e7\u00e3o Chico Xavier!<br \/>\nConvidamos voc\u00ea para um breve momento de reflex\u00e3o e agradecimento, seguido do Passe Virtual.<br \/>\nDe segunda \u00e0 sexta, \u00e0s 12 h, no nosso Canal do YouTube! Esperamos voc\u00ea!\ud83d\ude09<\/p>\n<p><a class=\" xil3i\" tabindex=\"0\" href=\"https:\/\/www.instagram.com\/explore\/tags\/comunh%C3%A3oespiritadebrasilia\/\">#comunh\u00e3oespiritadebrasilia <\/a><a class=\" xil3i\" tabindex=\"0\" href=\"https:\/\/www.instagram.com\/explore\/tags\/hamonizacao\/\">#hamonizacao <\/a><a class=\" xil3i\" tabindex=\"0\" href=\"https:\/\/www.instagram.com\/explore\/tags\/espiritismo\/\">#espiritismo<\/a><\/p>\n","protected":false},"excerpt":{"rendered":"<p>Conhe\u00e7a o Nosso Grupo de Harmoniza\u00e7\u00e3o Chico Xavier! Convidamos voc\u00ea para um breve momento de reflex\u00e3o e agradecimento, seguido do Passe Virtual. De segunda \u00e0 sexta, \u00e0s 12 h, no [&hellip;]<\/p>\n","protected":false},"author":10,"featured_media":25089,"template":"","meta":{"_tribe_events_status":"","_tribe_events_status_reason":"","footnotes":""},"tags":[],"tribe_events_cat":[81],"class_list":["post-8529","tribe_events","type-tribe_events","status-publish","has-post-thumbnail","hentry","tribe_events_cat-grupo-de-harmonizacao-chico-xavier","cat_grupo-de-harmonizacao-chico-xavier"],"jetpack_sharing_enabled":true,"_links":{"self":[{"href":"https:\/\/comunhaoespirita.org.br\/portal\/wp-json\/wp\/v2\/tribe_events\/8529","targetHints":{"allow":["GET"]}}],"collection":[{"href":"https:\/\/comunhaoespirita.org.br\/portal\/wp-json\/wp\/v2\/tribe_events"}],"about":[{"href":"https:\/\/comunhaoespirita.org.br\/portal\/wp-json\/wp\/v2\/types\/tribe_events"}],"author":[{"embeddable":true,"href":"https:\/\/comunhaoespirita.org.br\/portal\/wp-json\/wp\/v2\/users\/10"}],"version-history":[{"count":3,"href":"https:\/\/comunhaoespirita.org.br\/portal\/wp-json\/wp\/v2\/tribe_events\/8529\/revisions"}],"predecessor-version":[{"id":12957,"href":"https:\/\/comunhaoespirita.org.br\/portal\/wp-json\/wp\/v2\/tribe_events\/8529\/revisions\/12957"}],"wp:featuredmedia":[{"embeddable":true,"href":"https:\/\/comunhaoespirita.org.br\/portal\/wp-json\/wp\/v2\/media\/25089"}],"wp:attachment":[{"href":"https:\/\/comunhaoespirita.org.br\/portal\/wp-json\/wp\/v2\/media?parent=8529"}],"wp:term":[{"taxonomy":"post_tag","embeddable":true,"href":"https:\/\/comunhaoespirita.org.br\/portal\/wp-json\/wp\/v2\/tags?post=8529"},{"taxonomy":"tribe_events_cat","embeddable":true,"href":"https:\/\/comunhaoespirita.org.br\/portal\/wp-json\/wp\/v2\/tribe_events_cat?post=8529"}],"curies":[{"name":"wp","href":"https:\/\/api.w.org\/{rel}","templated":true}]}}

Grupo de Harmonização Chico Xavier

<p>Conheça o Nosso Grupo de Harmonização Chico Xavier!<br />
Convidamos você para um breve momento de reflexão e agradecimento, seguido do Passe Virtual.<br />
De segunda à sexta, às 12 h, no nosso Canal do YouTube! Esperamos você!😉</p>
<p><a class=" xil3i" tabindex="0" href="https://www.instagram.com/explore/tags/comunh%C3%A3oespiritadebrasilia/">#comunhãoespiritadebrasilia </a><a class=" xil3i" tabindex="0" href="https://www.instagram.com/explore/tags/hamonizacao/">#hamonizacao </a><a class=" xil3i" tabindex="0" href="https://www.instagram.com/explore/tags/espiritismo/">#espiritismo</a></p>

<p>Conheça o Nosso Grupo de Harmonização Chico Xavier! Convidamos você para um breve momento de reflexão e agradecimento, seguido do Passe Virtual. De segunda à sexta, às 12 h, no [&hellip;]</p>
