{"id":27074,"date":"2025-04-08T16:34:11","date_gmt":"2025-04-08T19:34:11","guid":{"rendered":"https:\/\/comunhaoespirita.org.br\/portal\/?post_type=tribe_events&#038;p=27074"},"modified":"2026-04-20T23:26:44","modified_gmt":"2026-04-21T02:26:44","slug":"grupo-de-irradiacao-francisco-de-assis-65","status":"publish","type":"tribe_events","link":"https:\/\/comunhaoespirita.org.br\/portal\/palestra-ou-evento\/grupo-de-irradiacao-francisco-de-assis-65\/","title":{"rendered":"Grupo de Irradia\u00e7\u00e3o Francisco de Assis"},"content":{"rendered":"<p>A Comunh\u00e3o Esp\u00edrita realiza, de segunda a domingo, a prece de irradia\u00e7\u00e3o do Grupo Francisco de Assis. Nesta prece, vibra\u00e7\u00f5es superiores s\u00e3o enviadas a todos os necessitados do planeta, sempre ap\u00f3s a leitura e o coment\u00e1rio do Evangelho pela equipe do grupo. A Comunh\u00e3o permanece fechada parcialmente, seguindo decreto governamental e a prece de irradia\u00e7\u00e3o \u00e9 realizada virtualmente.<br \/>\nAcompanhe, diariamente, atrav\u00e9s de nossos canais.<br \/>\nDomingo a sexta-feira \u00e0s 17h30 e s\u00e1bado \u00e0s 18h30.<\/p>\n","protected":false},"excerpt":{"rendered":"<p>A Comunh\u00e3o Esp\u00edrita realiza, de segunda a domingo, a prece de irradia\u00e7\u00e3o do Grupo Francisco de Assis. Nesta prece, vibra\u00e7\u00f5es superiores s\u00e3o enviadas a todos os necessitados do planeta, sempre [&hellip;]<\/p>\n","protected":false},"author":10,"featured_media":25087,"template":"","meta":{"_tribe_events_status":"","_tribe_events_status_reason":"","footnotes":""},"tags":[],"tribe_events_cat":[80],"class_list":["post-27074","tribe_events","type-tribe_events","status-publish","has-post-thumbnail","hentry","tribe_events_cat-grupo-de-irradiacao-francisco-de-assis","cat_grupo-de-irradiacao-francisco-de-assis"],"jetpack_sharing_enabled":true,"_links":{"self":[{"href":"https:\/\/comunhaoespirita.org.br\/portal\/wp-json\/wp\/v2\/tribe_events\/27074","targetHints":{"allow":["GET"]}}],"collection":[{"href":"https:\/\/comunhaoespirita.org.br\/portal\/wp-json\/wp\/v2\/tribe_events"}],"about":[{"href":"https:\/\/comunhaoespirita.org.br\/portal\/wp-json\/wp\/v2\/types\/tribe_events"}],"author":[{"embeddable":true,"href":"https:\/\/comunhaoespirita.org.br\/portal\/wp-json\/wp\/v2\/users\/10"}],"version-history":[{"count":1,"href":"https:\/\/comunhaoespirita.org.br\/portal\/wp-json\/wp\/v2\/tribe_events\/27074\/revisions"}],"predecessor-version":[{"id":27075,"href":"https:\/\/comunhaoespirita.org.br\/portal\/wp-json\/wp\/v2\/tribe_events\/27074\/revisions\/27075"}],"wp:featuredmedia":[{"embeddable":true,"href":"https:\/\/comunhaoespirita.org.br\/portal\/wp-json\/wp\/v2\/media\/25087"}],"wp:attachment":[{"href":"https:\/\/comunhaoespirita.org.br\/portal\/wp-json\/wp\/v2\/media?parent=27074"}],"wp:term":[{"taxonomy":"post_tag","embeddable":true,"href":"https:\/\/comunhaoespirita.org.br\/portal\/wp-json\/wp\/v2\/tags?post=27074"},{"taxonomy":"tribe_events_cat","embeddable":true,"href":"https:\/\/comunhaoespirita.org.br\/portal\/wp-json\/wp\/v2\/tribe_events_cat?post=27074"}],"curies":[{"name":"wp","href":"https:\/\/api.w.org\/{rel}","templated":true}]}}

Grupo de Irradiação Francisco de Assis

<p>A Comunhão Espírita realiza, de segunda a domingo, a prece de irradiação do Grupo Francisco de Assis. Nesta prece, vibrações superiores são enviadas a todos os necessitados do planeta, sempre após a leitura e o comentário do Evangelho pela equipe do grupo. A Comunhão permanece fechada parcialmente, seguindo decreto governamental e a prece de irradiação é realizada virtualmente.<br />
Acompanhe, diariamente, através de nossos canais.<br />
Domingo a sexta-feira às 17h30 e sábado às 18h30.</p>

<p>A Comunhão Espírita realiza, de segunda a domingo, a prece de irradiação do Grupo Francisco de Assis. Nesta prece, vibrações superiores são enviadas a todos os necessitados do planeta, sempre [&hellip;]</p>
