{"id":22991,"date":"2024-03-16T07:19:50","date_gmt":"2024-03-16T10:19:50","guid":{"rendered":"https:\/\/comunhaoespirita.org.br\/portal\/?post_type=tribe_events&#038;p=22991"},"modified":"2026-04-08T18:23:40","modified_gmt":"2026-04-08T21:23:40","slug":"palestra-tema-a-definir-15","status":"publish","type":"tribe_events","link":"https:\/\/comunhaoespirita.org.br\/portal\/palestra-ou-evento\/palestra-tema-a-definir-15\/","title":{"rendered":"Palestra | F\u00e9, Esperan\u00e7a e Caridade"},"content":{"rendered":"<p>Palestrante: Jos\u00e9 L\u00edcio<br \/>\n<strong><br \/>\n<\/strong>#comunhao #comunhaoespirita #comunhaoespiritadebrasilia #palestraespirita<\/p>\n<div id=\"gtx-trans\" style=\"position: absolute; left: -7px; top: 48.2153px;\">\n<div class=\"gtx-trans-icon\"><\/div>\n<\/div>\n","protected":false},"excerpt":{"rendered":"<p>Palestrante: Jos\u00e9 L\u00edcio #comunhao #comunhaoespirita #comunhaoespiritadebrasilia #palestraespirita<\/p>\n","protected":false},"author":10,"featured_media":27117,"template":"","meta":{"_tribe_events_status":"","_tribe_events_status_reason":"","footnotes":""},"tags":[],"tribe_events_cat":[73],"class_list":["post-22991","tribe_events","type-tribe_events","status-publish","has-post-thumbnail","hentry","tribe_events_cat-palestras","cat_palestras"],"jetpack_sharing_enabled":true,"_links":{"self":[{"href":"https:\/\/comunhaoespirita.org.br\/portal\/wp-json\/wp\/v2\/tribe_events\/22991","targetHints":{"allow":["GET"]}}],"collection":[{"href":"https:\/\/comunhaoespirita.org.br\/portal\/wp-json\/wp\/v2\/tribe_events"}],"about":[{"href":"https:\/\/comunhaoespirita.org.br\/portal\/wp-json\/wp\/v2\/types\/tribe_events"}],"author":[{"embeddable":true,"href":"https:\/\/comunhaoespirita.org.br\/portal\/wp-json\/wp\/v2\/users\/10"}],"version-history":[{"count":14,"href":"https:\/\/comunhaoespirita.org.br\/portal\/wp-json\/wp\/v2\/tribe_events\/22991\/revisions"}],"predecessor-version":[{"id":34757,"href":"https:\/\/comunhaoespirita.org.br\/portal\/wp-json\/wp\/v2\/tribe_events\/22991\/revisions\/34757"}],"wp:featuredmedia":[{"embeddable":true,"href":"https:\/\/comunhaoespirita.org.br\/portal\/wp-json\/wp\/v2\/media\/27117"}],"wp:attachment":[{"href":"https:\/\/comunhaoespirita.org.br\/portal\/wp-json\/wp\/v2\/media?parent=22991"}],"wp:term":[{"taxonomy":"post_tag","embeddable":true,"href":"https:\/\/comunhaoespirita.org.br\/portal\/wp-json\/wp\/v2\/tags?post=22991"},{"taxonomy":"tribe_events_cat","embeddable":true,"href":"https:\/\/comunhaoespirita.org.br\/portal\/wp-json\/wp\/v2\/tribe_events_cat?post=22991"}],"curies":[{"name":"wp","href":"https:\/\/api.w.org\/{rel}","templated":true}]}}

Palestra | Fé, Esperança e Caridade

<p>Palestrante: José Lício<br />
<strong><br />
</strong>#comunhao #comunhaoespirita #comunhaoespiritadebrasilia #palestraespirita</p>
<div id="gtx-trans" style="position: absolute; left: -7px; top: 48.2153px;">
<div class="gtx-trans-icon"></div>
</div>

<p>Palestrante: José Lício #comunhao #comunhaoespirita #comunhaoespiritadebrasilia #palestraespirita</p>
