{"id":21180,"date":"2023-10-02T18:54:44","date_gmt":"2023-10-02T21:54:44","guid":{"rendered":"https:\/\/comunhaoespirita.org.br\/portal\/?post_type=tribe_events&#038;p=21180"},"modified":"2026-03-13T16:25:52","modified_gmt":"2026-03-13T19:25:52","slug":"apresentacao-do-coral-elos-de-luz-e-elinhos-de-luz","status":"publish","type":"tribe_events","link":"https:\/\/comunhaoespirita.org.br\/portal\/palestra-ou-evento\/apresentacao-do-coral-elos-de-luz-e-elinhos-de-luz\/","title":{"rendered":"Palestra | Humberto de Campos e Chico Xavier"},"content":{"rendered":"<p>Palestrante: Vera Orph\u00e3o<br \/>\nPalestra virtual \u00e0s 15h. Assista pelo YouTube da Comunh\u00e3o Esp\u00edrita.<br \/>\n#comunhao #comunhaoespirita #comunhaoespiritadebrasilia #palestraespirita<\/p>\n","protected":false},"excerpt":{"rendered":"<p>Palestrante: Vera Orph\u00e3o Palestra virtual \u00e0s 15h. Assista pelo YouTube da Comunh\u00e3o Esp\u00edrita. #comunhao #comunhaoespirita #comunhaoespiritadebrasilia #palestraespirita<\/p>\n","protected":false},"author":10,"featured_media":0,"template":"","meta":{"_tribe_events_status":"","_tribe_events_status_reason":"","footnotes":""},"tags":[],"tribe_events_cat":[73],"class_list":["post-21180","tribe_events","type-tribe_events","status-publish","hentry","tribe_events_cat-palestras","cat_palestras"],"jetpack_sharing_enabled":true,"_links":{"self":[{"href":"https:\/\/comunhaoespirita.org.br\/portal\/wp-json\/wp\/v2\/tribe_events\/21180","targetHints":{"allow":["GET"]}}],"collection":[{"href":"https:\/\/comunhaoespirita.org.br\/portal\/wp-json\/wp\/v2\/tribe_events"}],"about":[{"href":"https:\/\/comunhaoespirita.org.br\/portal\/wp-json\/wp\/v2\/types\/tribe_events"}],"author":[{"embeddable":true,"href":"https:\/\/comunhaoespirita.org.br\/portal\/wp-json\/wp\/v2\/users\/10"}],"version-history":[{"count":15,"href":"https:\/\/comunhaoespirita.org.br\/portal\/wp-json\/wp\/v2\/tribe_events\/21180\/revisions"}],"predecessor-version":[{"id":34560,"href":"https:\/\/comunhaoespirita.org.br\/portal\/wp-json\/wp\/v2\/tribe_events\/21180\/revisions\/34560"}],"wp:attachment":[{"href":"https:\/\/comunhaoespirita.org.br\/portal\/wp-json\/wp\/v2\/media?parent=21180"}],"wp:term":[{"taxonomy":"post_tag","embeddable":true,"href":"https:\/\/comunhaoespirita.org.br\/portal\/wp-json\/wp\/v2\/tags?post=21180"},{"taxonomy":"tribe_events_cat","embeddable":true,"href":"https:\/\/comunhaoespirita.org.br\/portal\/wp-json\/wp\/v2\/tribe_events_cat?post=21180"}],"curies":[{"name":"wp","href":"https:\/\/api.w.org\/{rel}","templated":true}]}}

<p>Palestrante: Vera Orphão<br />
Palestra virtual às 15h. Assista pelo YouTube da Comunhão Espírita.<br />
#comunhao #comunhaoespirita #comunhaoespiritadebrasilia #palestraespirita</p>

<p>Palestrante: Vera Orphão Palestra virtual às 15h. Assista pelo YouTube da Comunhão Espírita. #comunhao #comunhaoespirita #comunhaoespiritadebrasilia #palestraespirita</p>
