{"id":20312,"date":"2023-07-05T17:08:03","date_gmt":"2023-07-05T20:08:03","guid":{"rendered":"https:\/\/comunhaoespirita.org.br\/portal\/?post_type=tribe_events&#038;p=20312"},"modified":"2026-04-20T23:36:59","modified_gmt":"2026-04-21T02:36:59","slug":"harmonizacao-ambiental-joao-mendes-2","status":"publish","type":"tribe_events","link":"https:\/\/comunhaoespirita.org.br\/portal\/palestra-ou-evento\/harmonizacao-ambiental-joao-mendes-2\/","title":{"rendered":"Harmoniza\u00e7\u00e3o Ambiental: Luiz Gonzaga"},"content":{"rendered":"<p>Harmoniza\u00e7\u00e3o Ambiental: Jo\u00e3o Mendes<\/p>\n<div id=\"gtx-trans\" style=\"position: absolute; left: 188px; top: 0.194447px;\">\n<div class=\"gtx-trans-icon\"><\/div>\n<\/div>\n","protected":false},"excerpt":{"rendered":"<p>Harmoniza\u00e7\u00e3o Ambiental: Jo\u00e3o Mendes<\/p>\n","protected":false},"author":10,"featured_media":0,"template":"","meta":{"_tribe_events_status":"","_tribe_events_status_reason":"","footnotes":""},"tags":[],"tribe_events_cat":[101],"class_list":["post-20312","tribe_events","type-tribe_events","status-publish","hentry","tribe_events_cat-harmonizacao-ambiental","cat_harmonizacao-ambiental"],"jetpack_sharing_enabled":true,"_links":{"self":[{"href":"https:\/\/comunhaoespirita.org.br\/portal\/wp-json\/wp\/v2\/tribe_events\/20312","targetHints":{"allow":["GET"]}}],"collection":[{"href":"https:\/\/comunhaoespirita.org.br\/portal\/wp-json\/wp\/v2\/tribe_events"}],"about":[{"href":"https:\/\/comunhaoespirita.org.br\/portal\/wp-json\/wp\/v2\/types\/tribe_events"}],"author":[{"embeddable":true,"href":"https:\/\/comunhaoespirita.org.br\/portal\/wp-json\/wp\/v2\/users\/10"}],"version-history":[{"count":9,"href":"https:\/\/comunhaoespirita.org.br\/portal\/wp-json\/wp\/v2\/tribe_events\/20312\/revisions"}],"predecessor-version":[{"id":34294,"href":"https:\/\/comunhaoespirita.org.br\/portal\/wp-json\/wp\/v2\/tribe_events\/20312\/revisions\/34294"}],"wp:attachment":[{"href":"https:\/\/comunhaoespirita.org.br\/portal\/wp-json\/wp\/v2\/media?parent=20312"}],"wp:term":[{"taxonomy":"post_tag","embeddable":true,"href":"https:\/\/comunhaoespirita.org.br\/portal\/wp-json\/wp\/v2\/tags?post=20312"},{"taxonomy":"tribe_events_cat","embeddable":true,"href":"https:\/\/comunhaoespirita.org.br\/portal\/wp-json\/wp\/v2\/tribe_events_cat?post=20312"}],"curies":[{"name":"wp","href":"https:\/\/api.w.org\/{rel}","templated":true}]}}

Harmonização Ambiental: Luiz Gonzaga

<p>Harmonização Ambiental: João Mendes</p>
<div id="gtx-trans" style="position: absolute; left: 188px; top: 0.194447px;">
<div class="gtx-trans-icon"></div>
</div>

<p>Harmonização Ambiental: João Mendes</p>
