{"id":15470,"date":"2022-08-26T14:23:30","date_gmt":"2022-08-26T17:23:30","guid":{"rendered":"https:\/\/comunhaoespirita.org.br\/portal\/?post_type=tribe_events&#038;p=15470"},"modified":"2026-04-13T18:49:01","modified_gmt":"2026-04-13T21:49:01","slug":"seminario","status":"publish","type":"tribe_events","link":"https:\/\/comunhaoespirita.org.br\/portal\/palestra-ou-evento\/seminario\/","title":{"rendered":"Harmoniza\u00e7\u00e3o Ambiental: Jo\u00e3o Mendes"},"content":{"rendered":"<p>&nbsp;<\/p>\n<div id=\"gtx-trans\" style=\"position: absolute; left: -24px; top: 86.9722px;\">\n<div class=\"gtx-trans-icon\"><\/div>\n<\/div>\n","protected":false},"excerpt":{"rendered":"<p>&nbsp;<\/p>\n","protected":false},"author":10,"featured_media":0,"template":"","meta":{"_tribe_events_status":"","_tribe_events_status_reason":"","footnotes":""},"tags":[],"tribe_events_cat":[101],"class_list":["post-15470","tribe_events","type-tribe_events","status-publish","hentry","tribe_events_cat-harmonizacao-ambiental","cat_harmonizacao-ambiental"],"jetpack_sharing_enabled":true,"_links":{"self":[{"href":"https:\/\/comunhaoespirita.org.br\/portal\/wp-json\/wp\/v2\/tribe_events\/15470","targetHints":{"allow":["GET"]}}],"collection":[{"href":"https:\/\/comunhaoespirita.org.br\/portal\/wp-json\/wp\/v2\/tribe_events"}],"about":[{"href":"https:\/\/comunhaoespirita.org.br\/portal\/wp-json\/wp\/v2\/types\/tribe_events"}],"author":[{"embeddable":true,"href":"https:\/\/comunhaoespirita.org.br\/portal\/wp-json\/wp\/v2\/users\/10"}],"version-history":[{"count":14,"href":"https:\/\/comunhaoespirita.org.br\/portal\/wp-json\/wp\/v2\/tribe_events\/15470\/revisions"}],"predecessor-version":[{"id":34268,"href":"https:\/\/comunhaoespirita.org.br\/portal\/wp-json\/wp\/v2\/tribe_events\/15470\/revisions\/34268"}],"wp:attachment":[{"href":"https:\/\/comunhaoespirita.org.br\/portal\/wp-json\/wp\/v2\/media?parent=15470"}],"wp:term":[{"taxonomy":"post_tag","embeddable":true,"href":"https:\/\/comunhaoespirita.org.br\/portal\/wp-json\/wp\/v2\/tags?post=15470"},{"taxonomy":"tribe_events_cat","embeddable":true,"href":"https:\/\/comunhaoespirita.org.br\/portal\/wp-json\/wp\/v2\/tribe_events_cat?post=15470"}],"curies":[{"name":"wp","href":"https:\/\/api.w.org\/{rel}","templated":true}]}}

Harmonização Ambiental: João Mendes
