{"id":15453,"date":"2022-08-26T13:51:54","date_gmt":"2022-08-26T16:51:54","guid":{"rendered":"https:\/\/comunhaoespirita.org.br\/portal\/?post_type=tribe_events&#038;p=15453"},"modified":"2026-04-13T18:41:10","modified_gmt":"2026-04-13T21:41:10","slug":"palestra-tema-a-definir-33","status":"publish","type":"tribe_events","link":"https:\/\/comunhaoespirita.org.br\/portal\/palestra-ou-evento\/palestra-tema-a-definir-33\/","title":{"rendered":"Palestra | O Fen\u00f4meno da Intercomunica\u00e7\u00e3o Medi\u00fanica"},"content":{"rendered":"<p>Palestrante: Patr\u00edcia Melo<br \/>\nDirigente: Eug\u00eania Matos\/Patr\u00edcia Melo<\/p>\n<p>#comunhao #comunhaoespirita #comunhaoespiritadebrasilia #palestraespirita<\/p>\n<p>&nbsp;<\/p>\n","protected":false},"excerpt":{"rendered":"<p>Palestrante: Patr\u00edcia Melo Dirigente: Eug\u00eania Matos\/Patr\u00edcia Melo #comunhao #comunhaoespirita #comunhaoespiritadebrasilia #palestraespirita &nbsp;<\/p>\n","protected":false},"author":10,"featured_media":27117,"template":"","meta":{"_tribe_events_status":"","_tribe_events_status_reason":"","footnotes":""},"tags":[],"tribe_events_cat":[73],"class_list":["post-15453","tribe_events","type-tribe_events","status-publish","has-post-thumbnail","hentry","tribe_events_cat-palestras","cat_palestras"],"jetpack_sharing_enabled":true,"_links":{"self":[{"href":"https:\/\/comunhaoespirita.org.br\/portal\/wp-json\/wp\/v2\/tribe_events\/15453","targetHints":{"allow":["GET"]}}],"collection":[{"href":"https:\/\/comunhaoespirita.org.br\/portal\/wp-json\/wp\/v2\/tribe_events"}],"about":[{"href":"https:\/\/comunhaoespirita.org.br\/portal\/wp-json\/wp\/v2\/types\/tribe_events"}],"author":[{"embeddable":true,"href":"https:\/\/comunhaoespirita.org.br\/portal\/wp-json\/wp\/v2\/users\/10"}],"version-history":[{"count":24,"href":"https:\/\/comunhaoespirita.org.br\/portal\/wp-json\/wp\/v2\/tribe_events\/15453\/revisions"}],"predecessor-version":[{"id":34790,"href":"https:\/\/comunhaoespirita.org.br\/portal\/wp-json\/wp\/v2\/tribe_events\/15453\/revisions\/34790"}],"wp:featuredmedia":[{"embeddable":true,"href":"https:\/\/comunhaoespirita.org.br\/portal\/wp-json\/wp\/v2\/media\/27117"}],"wp:attachment":[{"href":"https:\/\/comunhaoespirita.org.br\/portal\/wp-json\/wp\/v2\/media?parent=15453"}],"wp:term":[{"taxonomy":"post_tag","embeddable":true,"href":"https:\/\/comunhaoespirita.org.br\/portal\/wp-json\/wp\/v2\/tags?post=15453"},{"taxonomy":"tribe_events_cat","embeddable":true,"href":"https:\/\/comunhaoespirita.org.br\/portal\/wp-json\/wp\/v2\/tribe_events_cat?post=15453"}],"curies":[{"name":"wp","href":"https:\/\/api.w.org\/{rel}","templated":true}]}}

Palestra | O Fenômeno da Intercomunicação Mediúnica

<p>Palestrante: Patrícia Melo<br />
Dirigente: Eugênia Matos/Patrícia Melo</p>
<p>#comunhao #comunhaoespirita #comunhaoespiritadebrasilia #palestraespirita</p>
<p>&nbsp;</p>

<p>Palestrante: Patrícia Melo Dirigente: Eugênia Matos/Patrícia Melo #comunhao #comunhaoespirita #comunhaoespiritadebrasilia #palestraespirita &nbsp;</p>
