{"id":14968,"date":"2022-07-28T12:09:58","date_gmt":"2022-07-28T15:09:58","guid":{"rendered":"https:\/\/comunhaoespirita.org.br\/portal\/?post_type=tribe_events&#038;p=14968"},"modified":"2026-03-23T16:47:35","modified_gmt":"2026-03-23T19:47:35","slug":"grupo-de-harmonizacao-chico-xavier-46","status":"publish","type":"tribe_events","link":"https:\/\/comunhaoespirita.org.br\/portal\/palestra-ou-evento\/grupo-de-harmonizacao-chico-xavier-46\/","title":{"rendered":"Grupo de Harmoniza\u00e7\u00e3o Chico Xavier"},"content":{"rendered":"<p>Conhe\u00e7a o nosso Grupo de Harmoniza\u00e7\u00e3o Chico Xavier! Convidamos voc\u00ea para um breve momento de reflex\u00e3o e agradecimento, seguido do Passe Virtual. De segunda \u00e0 sexta, \u00e0s 12 h, no nosso Canal do YouTube! Esperamos voc\u00ea! \ud83d\ude09<br \/>\n#comunhaoespiritadebrasilia #harmonizacao #espiritismo<\/p>\n","protected":false},"excerpt":{"rendered":"<p>Conhe\u00e7a o nosso Grupo de Harmoniza\u00e7\u00e3o Chico Xavier! Convidamos voc\u00ea para um breve momento de reflex\u00e3o e agradecimento, seguido do Passe Virtual. De segunda \u00e0 sexta, \u00e0s 12 h, no [&hellip;]<\/p>\n","protected":false},"author":10,"featured_media":25089,"template":"","meta":{"_tribe_events_status":"","_tribe_events_status_reason":"","footnotes":""},"tags":[],"tribe_events_cat":[81],"class_list":["post-14968","tribe_events","type-tribe_events","status-publish","has-post-thumbnail","hentry","tribe_events_cat-grupo-de-harmonizacao-chico-xavier","cat_grupo-de-harmonizacao-chico-xavier"],"jetpack_sharing_enabled":true,"_links":{"self":[{"href":"https:\/\/comunhaoespirita.org.br\/portal\/wp-json\/wp\/v2\/tribe_events\/14968","targetHints":{"allow":["GET"]}}],"collection":[{"href":"https:\/\/comunhaoespirita.org.br\/portal\/wp-json\/wp\/v2\/tribe_events"}],"about":[{"href":"https:\/\/comunhaoespirita.org.br\/portal\/wp-json\/wp\/v2\/types\/tribe_events"}],"author":[{"embeddable":true,"href":"https:\/\/comunhaoespirita.org.br\/portal\/wp-json\/wp\/v2\/users\/10"}],"version-history":[{"count":2,"href":"https:\/\/comunhaoespirita.org.br\/portal\/wp-json\/wp\/v2\/tribe_events\/14968\/revisions"}],"predecessor-version":[{"id":25697,"href":"https:\/\/comunhaoespirita.org.br\/portal\/wp-json\/wp\/v2\/tribe_events\/14968\/revisions\/25697"}],"wp:featuredmedia":[{"embeddable":true,"href":"https:\/\/comunhaoespirita.org.br\/portal\/wp-json\/wp\/v2\/media\/25089"}],"wp:attachment":[{"href":"https:\/\/comunhaoespirita.org.br\/portal\/wp-json\/wp\/v2\/media?parent=14968"}],"wp:term":[{"taxonomy":"post_tag","embeddable":true,"href":"https:\/\/comunhaoespirita.org.br\/portal\/wp-json\/wp\/v2\/tags?post=14968"},{"taxonomy":"tribe_events_cat","embeddable":true,"href":"https:\/\/comunhaoespirita.org.br\/portal\/wp-json\/wp\/v2\/tribe_events_cat?post=14968"}],"curies":[{"name":"wp","href":"https:\/\/api.w.org\/{rel}","templated":true}]}}

Grupo de Harmonização Chico Xavier

<p>Conheça o nosso Grupo de Harmonização Chico Xavier! Convidamos você para um breve momento de reflexão e agradecimento, seguido do Passe Virtual. De segunda à sexta, às 12 h, no nosso Canal do YouTube! Esperamos você! 😉<br />
#comunhaoespiritadebrasilia #harmonizacao #espiritismo</p>

<p>Conheça o nosso Grupo de Harmonização Chico Xavier! Convidamos você para um breve momento de reflexão e agradecimento, seguido do Passe Virtual. De segunda à sexta, às 12 h, no [&hellip;]</p>
