{"id":14750,"date":"2022-07-14T18:02:42","date_gmt":"2022-07-14T21:02:42","guid":{"rendered":"https:\/\/comunhaoespirita.org.br\/portal\/?post_type=tribe_events&#038;p=14750"},"modified":"2026-03-13T17:01:44","modified_gmt":"2026-03-13T20:01:44","slug":"palestra-tema-a-definir-28","status":"publish","type":"tribe_events","link":"https:\/\/comunhaoespirita.org.br\/portal\/palestra-ou-evento\/palestra-tema-a-definir-28\/","title":{"rendered":"Palestra | Leis Divinas &#8211; Lei de Liberdade"},"content":{"rendered":"<p>Palestrante: Alaciel Francklin<br \/>\nPalestra virtual \u00e0s 15h. Assista pelo YouTube da Comunh\u00e3o Esp\u00edrita.<br \/>\n#comunhao #comunhaoespirita #comunhaoespiritadebrasilia #palestraespirita<\/p>\n","protected":false},"excerpt":{"rendered":"<p>Palestrante: Alaciel Francklin Palestra virtual \u00e0s 15h. Assista pelo YouTube da Comunh\u00e3o Esp\u00edrita. #comunhao #comunhaoespirita #comunhaoespiritadebrasilia #palestraespirita<\/p>\n","protected":false},"author":10,"featured_media":0,"template":"","meta":{"_tribe_events_status":"","_tribe_events_status_reason":"","footnotes":""},"tags":[],"tribe_events_cat":[73],"class_list":["post-14750","tribe_events","type-tribe_events","status-publish","hentry","tribe_events_cat-palestras","cat_palestras"],"jetpack_sharing_enabled":true,"_links":{"self":[{"href":"https:\/\/comunhaoespirita.org.br\/portal\/wp-json\/wp\/v2\/tribe_events\/14750","targetHints":{"allow":["GET"]}}],"collection":[{"href":"https:\/\/comunhaoespirita.org.br\/portal\/wp-json\/wp\/v2\/tribe_events"}],"about":[{"href":"https:\/\/comunhaoespirita.org.br\/portal\/wp-json\/wp\/v2\/types\/tribe_events"}],"author":[{"embeddable":true,"href":"https:\/\/comunhaoespirita.org.br\/portal\/wp-json\/wp\/v2\/users\/10"}],"version-history":[{"count":28,"href":"https:\/\/comunhaoespirita.org.br\/portal\/wp-json\/wp\/v2\/tribe_events\/14750\/revisions"}],"predecessor-version":[{"id":34593,"href":"https:\/\/comunhaoespirita.org.br\/portal\/wp-json\/wp\/v2\/tribe_events\/14750\/revisions\/34593"}],"wp:attachment":[{"href":"https:\/\/comunhaoespirita.org.br\/portal\/wp-json\/wp\/v2\/media?parent=14750"}],"wp:term":[{"taxonomy":"post_tag","embeddable":true,"href":"https:\/\/comunhaoespirita.org.br\/portal\/wp-json\/wp\/v2\/tags?post=14750"},{"taxonomy":"tribe_events_cat","embeddable":true,"href":"https:\/\/comunhaoespirita.org.br\/portal\/wp-json\/wp\/v2\/tribe_events_cat?post=14750"}],"curies":[{"name":"wp","href":"https:\/\/api.w.org\/{rel}","templated":true}]}}

<p>Palestrante: Alaciel Francklin<br />
Palestra virtual às 15h. Assista pelo YouTube da Comunhão Espírita.<br />
#comunhao #comunhaoespirita #comunhaoespiritadebrasilia #palestraespirita</p>

<p>Palestrante: Alaciel Francklin Palestra virtual às 15h. Assista pelo YouTube da Comunhão Espírita. #comunhao #comunhaoespirita #comunhaoespiritadebrasilia #palestraespirita</p>
