{"id":14748,"date":"2022-07-14T18:02:01","date_gmt":"2022-07-14T21:02:01","guid":{"rendered":"https:\/\/comunhaoespirita.org.br\/portal\/?post_type=tribe_events&#038;p=14748"},"modified":"2026-03-23T16:52:02","modified_gmt":"2026-03-23T19:52:02","slug":"palestra-tema-a-definir-27","status":"publish","type":"tribe_events","link":"https:\/\/comunhaoespirita.org.br\/portal\/palestra-ou-evento\/palestra-tema-a-definir-27\/","title":{"rendered":"Palestra | Compaix\u00e3o e Socorro"},"content":{"rendered":"<p>Palestrante: Rafaela Guidi<br \/>\nPalestra virtual \u00e0s 15h. Assista pelo YouTube da Comunh\u00e3o Esp\u00edrita.<br \/>\n#comunhao #comunhaoespirita #comunhaoespiritadebrasilia #palestraespirita<\/p>\n<div id=\"gtx-trans\" style=\"position: absolute; left: 230px; top: 0.194447px;\">\n<div class=\"gtx-trans-icon\"><\/div>\n<\/div>\n","protected":false},"excerpt":{"rendered":"<p>Palestrante: Rafaela Guidi Palestra virtual \u00e0s 15h. Assista pelo YouTube da Comunh\u00e3o Esp\u00edrita. #comunhao #comunhaoespirita #comunhaoespiritadebrasilia #palestraespirita<\/p>\n","protected":false},"author":10,"featured_media":0,"template":"","meta":{"_tribe_events_status":"","_tribe_events_status_reason":"","footnotes":""},"tags":[],"tribe_events_cat":[73],"class_list":["post-14748","tribe_events","type-tribe_events","status-publish","hentry","tribe_events_cat-palestras","cat_palestras"],"jetpack_sharing_enabled":true,"_links":{"self":[{"href":"https:\/\/comunhaoespirita.org.br\/portal\/wp-json\/wp\/v2\/tribe_events\/14748","targetHints":{"allow":["GET"]}}],"collection":[{"href":"https:\/\/comunhaoespirita.org.br\/portal\/wp-json\/wp\/v2\/tribe_events"}],"about":[{"href":"https:\/\/comunhaoespirita.org.br\/portal\/wp-json\/wp\/v2\/types\/tribe_events"}],"author":[{"embeddable":true,"href":"https:\/\/comunhaoespirita.org.br\/portal\/wp-json\/wp\/v2\/users\/10"}],"version-history":[{"count":28,"href":"https:\/\/comunhaoespirita.org.br\/portal\/wp-json\/wp\/v2\/tribe_events\/14748\/revisions"}],"predecessor-version":[{"id":34661,"href":"https:\/\/comunhaoespirita.org.br\/portal\/wp-json\/wp\/v2\/tribe_events\/14748\/revisions\/34661"}],"wp:attachment":[{"href":"https:\/\/comunhaoespirita.org.br\/portal\/wp-json\/wp\/v2\/media?parent=14748"}],"wp:term":[{"taxonomy":"post_tag","embeddable":true,"href":"https:\/\/comunhaoespirita.org.br\/portal\/wp-json\/wp\/v2\/tags?post=14748"},{"taxonomy":"tribe_events_cat","embeddable":true,"href":"https:\/\/comunhaoespirita.org.br\/portal\/wp-json\/wp\/v2\/tribe_events_cat?post=14748"}],"curies":[{"name":"wp","href":"https:\/\/api.w.org\/{rel}","templated":true}]}}

Palestra | Compaixão e Socorro

<p>Palestrante: Rafaela Guidi<br />
Palestra virtual às 15h. Assista pelo YouTube da Comunhão Espírita.<br />
#comunhao #comunhaoespirita #comunhaoespiritadebrasilia #palestraespirita</p>
<div id="gtx-trans" style="position: absolute; left: 230px; top: 0.194447px;">
<div class="gtx-trans-icon"></div>
</div>

<p>Palestrante: Rafaela Guidi Palestra virtual às 15h. Assista pelo YouTube da Comunhão Espírita. #comunhao #comunhaoespirita #comunhaoespiritadebrasilia #palestraespirita</p>
