{"id":14623,"date":"2022-07-07T14:10:37","date_gmt":"2022-07-07T17:10:37","guid":{"rendered":"https:\/\/comunhaoespirita.org.br\/portal\/?post_type=tribe_events&#038;p=14623"},"modified":"2026-04-02T13:47:47","modified_gmt":"2026-04-02T16:47:47","slug":"palestrante-tema-a-definir","status":"publish","type":"tribe_events","link":"https:\/\/comunhaoespirita.org.br\/portal\/palestra-ou-evento\/palestrante-tema-a-definir\/","title":{"rendered":"Palestra virtual |"},"content":{"rendered":"<p>Palestrante: Vera Orph\u00e3o<br \/>\nPalestra virtual \u00e0s 15h. Assista pelo YouTube da Comunh\u00e3o Esp\u00edrita.<br \/>\n#comunhao #comunhaoespirita #comunhaoespiritadebrasilia #palestraespirita<\/p>\n<p>&nbsp;<\/p>\n<p>&nbsp;<\/p>\n<div id=\"gtx-trans\" style=\"position: absolute; left: 89px; top: 0.194447px;\">\n<div class=\"gtx-trans-icon\"><\/div>\n<\/div>\n","protected":false},"excerpt":{"rendered":"<p>Palestrante: Vera Orph\u00e3o Palestra virtual \u00e0s 15h. Assista pelo YouTube da Comunh\u00e3o Esp\u00edrita. #comunhao #comunhaoespirita #comunhaoespiritadebrasilia #palestraespirita &nbsp; &nbsp;<\/p>\n","protected":false},"author":10,"featured_media":0,"template":"","meta":{"_tribe_events_status":"","_tribe_events_status_reason":"","footnotes":""},"tags":[],"tribe_events_cat":[73],"class_list":["post-14623","tribe_events","type-tribe_events","status-publish","hentry","tribe_events_cat-palestras","cat_palestras"],"jetpack_sharing_enabled":true,"_links":{"self":[{"href":"https:\/\/comunhaoespirita.org.br\/portal\/wp-json\/wp\/v2\/tribe_events\/14623","targetHints":{"allow":["GET"]}}],"collection":[{"href":"https:\/\/comunhaoespirita.org.br\/portal\/wp-json\/wp\/v2\/tribe_events"}],"about":[{"href":"https:\/\/comunhaoespirita.org.br\/portal\/wp-json\/wp\/v2\/types\/tribe_events"}],"author":[{"embeddable":true,"href":"https:\/\/comunhaoespirita.org.br\/portal\/wp-json\/wp\/v2\/users\/10"}],"version-history":[{"count":25,"href":"https:\/\/comunhaoespirita.org.br\/portal\/wp-json\/wp\/v2\/tribe_events\/14623\/revisions"}],"predecessor-version":[{"id":34720,"href":"https:\/\/comunhaoespirita.org.br\/portal\/wp-json\/wp\/v2\/tribe_events\/14623\/revisions\/34720"}],"wp:attachment":[{"href":"https:\/\/comunhaoespirita.org.br\/portal\/wp-json\/wp\/v2\/media?parent=14623"}],"wp:term":[{"taxonomy":"post_tag","embeddable":true,"href":"https:\/\/comunhaoespirita.org.br\/portal\/wp-json\/wp\/v2\/tags?post=14623"},{"taxonomy":"tribe_events_cat","embeddable":true,"href":"https:\/\/comunhaoespirita.org.br\/portal\/wp-json\/wp\/v2\/tribe_events_cat?post=14623"}],"curies":[{"name":"wp","href":"https:\/\/api.w.org\/{rel}","templated":true}]}}

<p>Palestrante: Vera Orphão<br />
Palestra virtual às 15h. Assista pelo YouTube da Comunhão Espírita.<br />
#comunhao #comunhaoespirita #comunhaoespiritadebrasilia #palestraespirita</p>
<p>&nbsp;</p>
<p>&nbsp;</p>
<div id="gtx-trans" style="position: absolute; left: 89px; top: 0.194447px;">
<div class="gtx-trans-icon"></div>
</div>

<p>Palestrante: Vera Orphão Palestra virtual às 15h. Assista pelo YouTube da Comunhão Espírita. #comunhao #comunhaoespirita #comunhaoespiritadebrasilia #palestraespirita &nbsp; &nbsp;</p>
