{"id":14596,"date":"2022-07-07T11:37:36","date_gmt":"2022-07-07T14:37:36","guid":{"rendered":"https:\/\/comunhaoespirita.org.br\/portal\/?post_type=tribe_events&#038;p=14596"},"modified":"2026-02-13T16:15:08","modified_gmt":"2026-02-13T19:15:08","slug":"palestra-tema-a-definir-23","status":"publish","type":"tribe_events","link":"https:\/\/comunhaoespirita.org.br\/portal\/palestra-ou-evento\/palestra-tema-a-definir-23\/","title":{"rendered":"Programa Reforma \u00cdntima na Pr\u00e1tica | Palavras que Curam, Palavras que Ferem: Como Escolher?"},"content":{"rendered":"<p>Palestrante: Pedro Paulo Z\u00e1u<br \/>\nDirigente: Claudia Piva<\/p>\n<p>#comunhao #comunhaoespirita #comunhaoespiritadebrasilia #palestraespirita<\/p>\n<div id=\"gtx-trans\" style=\"position: absolute; left: 453px; top: 46.9722px;\">\n<div class=\"gtx-trans-icon\"><\/div>\n<\/div>\n","protected":false},"excerpt":{"rendered":"<p>Palestrante: Pedro Paulo Z\u00e1u Dirigente: Claudia Piva #comunhao #comunhaoespirita #comunhaoespiritadebrasilia #palestraespirita<\/p>\n","protected":false},"author":10,"featured_media":0,"template":"","meta":{"_tribe_events_status":"","_tribe_events_status_reason":"","footnotes":""},"tags":[],"tribe_events_cat":[77],"class_list":["post-14596","tribe_events","type-tribe_events","status-publish","hentry","tribe_events_cat-reforma-intima-na-pratica","cat_reforma-intima-na-pratica"],"jetpack_sharing_enabled":true,"_links":{"self":[{"href":"https:\/\/comunhaoespirita.org.br\/portal\/wp-json\/wp\/v2\/tribe_events\/14596","targetHints":{"allow":["GET"]}}],"collection":[{"href":"https:\/\/comunhaoespirita.org.br\/portal\/wp-json\/wp\/v2\/tribe_events"}],"about":[{"href":"https:\/\/comunhaoespirita.org.br\/portal\/wp-json\/wp\/v2\/types\/tribe_events"}],"author":[{"embeddable":true,"href":"https:\/\/comunhaoespirita.org.br\/portal\/wp-json\/wp\/v2\/users\/10"}],"version-history":[{"count":27,"href":"https:\/\/comunhaoespirita.org.br\/portal\/wp-json\/wp\/v2\/tribe_events\/14596\/revisions"}],"predecessor-version":[{"id":34333,"href":"https:\/\/comunhaoespirita.org.br\/portal\/wp-json\/wp\/v2\/tribe_events\/14596\/revisions\/34333"}],"wp:attachment":[{"href":"https:\/\/comunhaoespirita.org.br\/portal\/wp-json\/wp\/v2\/media?parent=14596"}],"wp:term":[{"taxonomy":"post_tag","embeddable":true,"href":"https:\/\/comunhaoespirita.org.br\/portal\/wp-json\/wp\/v2\/tags?post=14596"},{"taxonomy":"tribe_events_cat","embeddable":true,"href":"https:\/\/comunhaoespirita.org.br\/portal\/wp-json\/wp\/v2\/tribe_events_cat?post=14596"}],"curies":[{"name":"wp","href":"https:\/\/api.w.org\/{rel}","templated":true}]}}

Programa Reforma Íntima na Prática | Palavras que Curam, Palavras que Ferem: Como Escolher?

<p>Palestrante: Pedro Paulo Záu<br />
Dirigente: Claudia Piva</p>
<p>#comunhao #comunhaoespirita #comunhaoespiritadebrasilia #palestraespirita</p>
<div id="gtx-trans" style="position: absolute; left: 453px; top: 46.9722px;">
<div class="gtx-trans-icon"></div>
</div>

<p>Palestrante: Pedro Paulo Záu Dirigente: Claudia Piva #comunhao #comunhaoespirita #comunhaoespiritadebrasilia #palestraespirita</p>
