{"id":12668,"date":"2022-03-18T11:32:42","date_gmt":"2022-03-18T14:32:42","guid":{"rendered":"https:\/\/comunhaoespirita.org.br\/portal\/?post_type=tribe_events&#038;p=12668"},"modified":"2026-03-13T17:00:24","modified_gmt":"2026-03-13T20:00:24","slug":"palestra-espiritismo-e-consciencia","status":"publish","type":"tribe_events","link":"https:\/\/comunhaoespirita.org.br\/portal\/palestra-ou-evento\/palestra-espiritismo-e-consciencia\/","title":{"rendered":"Programa Espiritismo em Di\u00e1logo: Onde houver D\u00favida, que eu leve a F\u00e9."},"content":{"rendered":"<p>Convidado: Jefferson Bellomo<br \/>\nDirigente: Carla Daniela<\/p>\n<p>#comunhao #comunhaoespirita #comunhaoespiritadebrasilia #palestraespirita<\/p>\n<div id=\"gtx-trans\" style=\"position: absolute; left: 251px; top: 0.194447px;\">\n<div class=\"gtx-trans-icon\"><\/div>\n<\/div>\n","protected":false},"excerpt":{"rendered":"<p>Convidado: Jefferson Bellomo Dirigente: Carla Daniela #comunhao #comunhaoespirita #comunhaoespiritadebrasilia #palestraespirita<\/p>\n","protected":false},"author":10,"featured_media":0,"template":"","meta":{"_tribe_events_status":"","_tribe_events_status_reason":"","footnotes":""},"tags":[],"tribe_events_cat":[108],"class_list":["post-12668","tribe_events","type-tribe_events","status-publish","hentry","tribe_events_cat-espiritismo-em-dialogo","cat_espiritismo-em-dialogo"],"jetpack_sharing_enabled":true,"_links":{"self":[{"href":"https:\/\/comunhaoespirita.org.br\/portal\/wp-json\/wp\/v2\/tribe_events\/12668","targetHints":{"allow":["GET"]}}],"collection":[{"href":"https:\/\/comunhaoespirita.org.br\/portal\/wp-json\/wp\/v2\/tribe_events"}],"about":[{"href":"https:\/\/comunhaoespirita.org.br\/portal\/wp-json\/wp\/v2\/types\/tribe_events"}],"author":[{"embeddable":true,"href":"https:\/\/comunhaoespirita.org.br\/portal\/wp-json\/wp\/v2\/users\/10"}],"version-history":[{"count":26,"href":"https:\/\/comunhaoespirita.org.br\/portal\/wp-json\/wp\/v2\/tribe_events\/12668\/revisions"}],"predecessor-version":[{"id":34590,"href":"https:\/\/comunhaoespirita.org.br\/portal\/wp-json\/wp\/v2\/tribe_events\/12668\/revisions\/34590"}],"wp:attachment":[{"href":"https:\/\/comunhaoespirita.org.br\/portal\/wp-json\/wp\/v2\/media?parent=12668"}],"wp:term":[{"taxonomy":"post_tag","embeddable":true,"href":"https:\/\/comunhaoespirita.org.br\/portal\/wp-json\/wp\/v2\/tags?post=12668"},{"taxonomy":"tribe_events_cat","embeddable":true,"href":"https:\/\/comunhaoespirita.org.br\/portal\/wp-json\/wp\/v2\/tribe_events_cat?post=12668"}],"curies":[{"name":"wp","href":"https:\/\/api.w.org\/{rel}","templated":true}]}}

Programa Espiritismo em Diálogo: Onde houver Dúvida, que eu leve a Fé.
