{"id":12656,"date":"2022-03-18T11:10:52","date_gmt":"2022-03-18T14:10:52","guid":{"rendered":"https:\/\/comunhaoespirita.org.br\/portal\/?post_type=tribe_events&#038;p=12656"},"modified":"2026-04-20T23:36:13","modified_gmt":"2026-04-21T02:36:13","slug":"reforma-intima-na-pratica-tema-a-definir","status":"publish","type":"tribe_events","link":"https:\/\/comunhaoespirita.org.br\/portal\/palestra-ou-evento\/reforma-intima-na-pratica-tema-a-definir\/","title":{"rendered":"Palestra | Programa Reforma \u00cdntima na Pr\u00e1tica: Carmas Imagin\u00e1rios"},"content":{"rendered":"<p>Palestrante: Pedro Paulo Z\u00e1u<br \/>\nDirigente: Claudia Piva<\/p>\n","protected":false},"excerpt":{"rendered":"<p>Palestrante: Pedro Paulo Z\u00e1u Dirigente: Claudia Piva<\/p>\n","protected":false},"author":10,"featured_media":0,"template":"","meta":{"_tribe_events_status":"","_tribe_events_status_reason":"","footnotes":""},"tags":[],"tribe_events_cat":[77],"class_list":["post-12656","tribe_events","type-tribe_events","status-publish","hentry","tribe_events_cat-reforma-intima-na-pratica","cat_reforma-intima-na-pratica"],"jetpack_sharing_enabled":true,"_links":{"self":[{"href":"https:\/\/comunhaoespirita.org.br\/portal\/wp-json\/wp\/v2\/tribe_events\/12656","targetHints":{"allow":["GET"]}}],"collection":[{"href":"https:\/\/comunhaoespirita.org.br\/portal\/wp-json\/wp\/v2\/tribe_events"}],"about":[{"href":"https:\/\/comunhaoespirita.org.br\/portal\/wp-json\/wp\/v2\/types\/tribe_events"}],"author":[{"embeddable":true,"href":"https:\/\/comunhaoespirita.org.br\/portal\/wp-json\/wp\/v2\/users\/10"}],"version-history":[{"count":31,"href":"https:\/\/comunhaoespirita.org.br\/portal\/wp-json\/wp\/v2\/tribe_events\/12656\/revisions"}],"predecessor-version":[{"id":34837,"href":"https:\/\/comunhaoespirita.org.br\/portal\/wp-json\/wp\/v2\/tribe_events\/12656\/revisions\/34837"}],"wp:attachment":[{"href":"https:\/\/comunhaoespirita.org.br\/portal\/wp-json\/wp\/v2\/media?parent=12656"}],"wp:term":[{"taxonomy":"post_tag","embeddable":true,"href":"https:\/\/comunhaoespirita.org.br\/portal\/wp-json\/wp\/v2\/tags?post=12656"},{"taxonomy":"tribe_events_cat","embeddable":true,"href":"https:\/\/comunhaoespirita.org.br\/portal\/wp-json\/wp\/v2\/tribe_events_cat?post=12656"}],"curies":[{"name":"wp","href":"https:\/\/api.w.org\/{rel}","templated":true}]}}

Palestra | Programa Reforma Íntima na Prática: Carmas Imaginários

<p>Palestrante: Pedro Paulo Záu<br />
Dirigente: Claudia Piva</p>

<p>Palestrante: Pedro Paulo Záu Dirigente: Claudia Piva</p>
