{"id":12466,"date":"2022-02-25T15:15:55","date_gmt":"2022-02-25T18:15:55","guid":{"rendered":"https:\/\/comunhaoespirita.org.br\/portal\/?post_type=tribe_events&#038;p=12466"},"modified":"2026-03-13T16:19:49","modified_gmt":"2026-03-13T19:19:49","slug":"palestra-jesus-caminho-e-vida","status":"publish","type":"tribe_events","link":"https:\/\/comunhaoespirita.org.br\/portal\/palestra-ou-evento\/palestra-jesus-caminho-e-vida\/","title":{"rendered":"Palestra | Temperan\u00e7a Antes da A\u00e7\u00e3o"},"content":{"rendered":"<p>Palestrante: Tassiane Nunes<br \/>\nDirigente:<\/p>\n<p>#comunhao #comunhaoespirita #comunhaoespiritadebrasilia #palestraespirita<\/p>\n","protected":false},"excerpt":{"rendered":"<p>Palestrante: Tassiane Nunes Dirigente: #comunhao #comunhaoespirita #comunhaoespiritadebrasilia #palestraespirita<\/p>\n","protected":false},"author":10,"featured_media":27117,"template":"","meta":{"_tribe_events_status":"","_tribe_events_status_reason":"","footnotes":""},"tags":[],"tribe_events_cat":[73],"class_list":["post-12466","tribe_events","type-tribe_events","status-publish","has-post-thumbnail","hentry","tribe_events_cat-palestras","cat_palestras"],"jetpack_sharing_enabled":true,"_links":{"self":[{"href":"https:\/\/comunhaoespirita.org.br\/portal\/wp-json\/wp\/v2\/tribe_events\/12466","targetHints":{"allow":["GET"]}}],"collection":[{"href":"https:\/\/comunhaoespirita.org.br\/portal\/wp-json\/wp\/v2\/tribe_events"}],"about":[{"href":"https:\/\/comunhaoespirita.org.br\/portal\/wp-json\/wp\/v2\/types\/tribe_events"}],"author":[{"embeddable":true,"href":"https:\/\/comunhaoespirita.org.br\/portal\/wp-json\/wp\/v2\/users\/10"}],"version-history":[{"count":31,"href":"https:\/\/comunhaoespirita.org.br\/portal\/wp-json\/wp\/v2\/tribe_events\/12466\/revisions"}],"predecessor-version":[{"id":34552,"href":"https:\/\/comunhaoespirita.org.br\/portal\/wp-json\/wp\/v2\/tribe_events\/12466\/revisions\/34552"}],"wp:featuredmedia":[{"embeddable":true,"href":"https:\/\/comunhaoespirita.org.br\/portal\/wp-json\/wp\/v2\/media\/27117"}],"wp:attachment":[{"href":"https:\/\/comunhaoespirita.org.br\/portal\/wp-json\/wp\/v2\/media?parent=12466"}],"wp:term":[{"taxonomy":"post_tag","embeddable":true,"href":"https:\/\/comunhaoespirita.org.br\/portal\/wp-json\/wp\/v2\/tags?post=12466"},{"taxonomy":"tribe_events_cat","embeddable":true,"href":"https:\/\/comunhaoespirita.org.br\/portal\/wp-json\/wp\/v2\/tribe_events_cat?post=12466"}],"curies":[{"name":"wp","href":"https:\/\/api.w.org\/{rel}","templated":true}]}}

Palestra | Temperança Antes da Ação
