{"id":12464,"date":"2022-02-25T15:08:36","date_gmt":"2022-02-25T18:08:36","guid":{"rendered":"https:\/\/comunhaoespirita.org.br\/portal\/?post_type=tribe_events&#038;p=12464"},"modified":"2026-03-13T16:19:24","modified_gmt":"2026-03-13T19:19:24","slug":"palestra-o-que-e-o-passe","status":"publish","type":"tribe_events","link":"https:\/\/comunhaoespirita.org.br\/portal\/palestra-ou-evento\/palestra-o-que-e-o-passe\/","title":{"rendered":"Palestra | Fazer o Bem sem Ostenta\u00e7\u00e3o"},"content":{"rendered":"<p>Palestrante: Leandro Irigonh\u00ea<br \/>\nDirigentes: <span class=\"fontstyle0\">Leila Parreira \/ V\u00e2nia Ramos<\/span><br \/>\n<strong><br \/>\n<\/strong>#comunhao #comunhaoespirita #comunhaoespiritadebrasilia #palestraespirita<\/p>\n<div id=\"gtx-trans\" style=\"position: absolute; left: 87px; top: 0.194447px;\">\n<div class=\"gtx-trans-icon\"><\/div>\n<\/div>\n","protected":false},"excerpt":{"rendered":"<p>Palestrante: Leandro Irigonh\u00ea Dirigentes: Leila Parreira \/ V\u00e2nia Ramos #comunhao #comunhaoespirita #comunhaoespiritadebrasilia #palestraespirita<\/p>\n","protected":false},"author":10,"featured_media":27117,"template":"","meta":{"_tribe_events_status":"","_tribe_events_status_reason":"","footnotes":""},"tags":[],"tribe_events_cat":[73],"class_list":["post-12464","tribe_events","type-tribe_events","status-publish","has-post-thumbnail","hentry","tribe_events_cat-palestras","cat_palestras"],"jetpack_sharing_enabled":true,"_links":{"self":[{"href":"https:\/\/comunhaoespirita.org.br\/portal\/wp-json\/wp\/v2\/tribe_events\/12464","targetHints":{"allow":["GET"]}}],"collection":[{"href":"https:\/\/comunhaoespirita.org.br\/portal\/wp-json\/wp\/v2\/tribe_events"}],"about":[{"href":"https:\/\/comunhaoespirita.org.br\/portal\/wp-json\/wp\/v2\/types\/tribe_events"}],"author":[{"embeddable":true,"href":"https:\/\/comunhaoespirita.org.br\/portal\/wp-json\/wp\/v2\/users\/10"}],"version-history":[{"count":29,"href":"https:\/\/comunhaoespirita.org.br\/portal\/wp-json\/wp\/v2\/tribe_events\/12464\/revisions"}],"predecessor-version":[{"id":34551,"href":"https:\/\/comunhaoespirita.org.br\/portal\/wp-json\/wp\/v2\/tribe_events\/12464\/revisions\/34551"}],"wp:featuredmedia":[{"embeddable":true,"href":"https:\/\/comunhaoespirita.org.br\/portal\/wp-json\/wp\/v2\/media\/27117"}],"wp:attachment":[{"href":"https:\/\/comunhaoespirita.org.br\/portal\/wp-json\/wp\/v2\/media?parent=12464"}],"wp:term":[{"taxonomy":"post_tag","embeddable":true,"href":"https:\/\/comunhaoespirita.org.br\/portal\/wp-json\/wp\/v2\/tags?post=12464"},{"taxonomy":"tribe_events_cat","embeddable":true,"href":"https:\/\/comunhaoespirita.org.br\/portal\/wp-json\/wp\/v2\/tribe_events_cat?post=12464"}],"curies":[{"name":"wp","href":"https:\/\/api.w.org\/{rel}","templated":true}]}}

Palestra | Fazer o Bem sem Ostentação

<p>Palestrante: Leandro Irigonhê<br />
Dirigentes: <span class="fontstyle0">Leila Parreira / Vânia Ramos</span><br />
<strong><br />
</strong>#comunhao #comunhaoespirita #comunhaoespiritadebrasilia #palestraespirita</p>
<div id="gtx-trans" style="position: absolute; left: 87px; top: 0.194447px;">
<div class="gtx-trans-icon"></div>
</div>

<p>Palestrante: Leandro Irigonhê Dirigentes: Leila Parreira / Vânia Ramos #comunhao #comunhaoespirita #comunhaoespiritadebrasilia #palestraespirita</p>
