{"id":12408,"date":"2022-02-24T13:59:32","date_gmt":"2022-02-24T16:59:32","guid":{"rendered":"https:\/\/comunhaoespirita.org.br\/portal\/?post_type=tribe_events&#038;p=12408"},"modified":"2026-02-13T16:10:58","modified_gmt":"2026-02-13T19:10:58","slug":"palestra-renovacao-e-trabalho-no-bem","status":"publish","type":"tribe_events","link":"https:\/\/comunhaoespirita.org.br\/portal\/palestra-ou-evento\/palestra-renovacao-e-trabalho-no-bem\/","title":{"rendered":"Palestra | Pensamento e A\u00e7\u00e3o"},"content":{"rendered":"<p>Palestrante: Eust\u00e1quio Ferreira<br \/>\nDirigente:Patr\u00edcia Melo\/Eug\u00eania Matos<\/p>\n<p>#comunhao #comunhaoespirita #comunhaoespiritadebrasilia #palestraespirita<\/p>\n","protected":false},"excerpt":{"rendered":"<p>Palestrante: Eust\u00e1quio Ferreira Dirigente:Patr\u00edcia Melo\/Eug\u00eania Matos #comunhao #comunhaoespirita #comunhaoespiritadebrasilia #palestraespirita<\/p>\n","protected":false},"author":10,"featured_media":27117,"template":"","meta":{"_tribe_events_status":"","_tribe_events_status_reason":"","footnotes":""},"tags":[],"tribe_events_cat":[73],"class_list":["post-12408","tribe_events","type-tribe_events","status-publish","has-post-thumbnail","hentry","tribe_events_cat-palestras","cat_palestras"],"jetpack_sharing_enabled":true,"_links":{"self":[{"href":"https:\/\/comunhaoespirita.org.br\/portal\/wp-json\/wp\/v2\/tribe_events\/12408","targetHints":{"allow":["GET"]}}],"collection":[{"href":"https:\/\/comunhaoespirita.org.br\/portal\/wp-json\/wp\/v2\/tribe_events"}],"about":[{"href":"https:\/\/comunhaoespirita.org.br\/portal\/wp-json\/wp\/v2\/types\/tribe_events"}],"author":[{"embeddable":true,"href":"https:\/\/comunhaoespirita.org.br\/portal\/wp-json\/wp\/v2\/users\/10"}],"version-history":[{"count":30,"href":"https:\/\/comunhaoespirita.org.br\/portal\/wp-json\/wp\/v2\/tribe_events\/12408\/revisions"}],"predecessor-version":[{"id":34328,"href":"https:\/\/comunhaoespirita.org.br\/portal\/wp-json\/wp\/v2\/tribe_events\/12408\/revisions\/34328"}],"wp:featuredmedia":[{"embeddable":true,"href":"https:\/\/comunhaoespirita.org.br\/portal\/wp-json\/wp\/v2\/media\/27117"}],"wp:attachment":[{"href":"https:\/\/comunhaoespirita.org.br\/portal\/wp-json\/wp\/v2\/media?parent=12408"}],"wp:term":[{"taxonomy":"post_tag","embeddable":true,"href":"https:\/\/comunhaoespirita.org.br\/portal\/wp-json\/wp\/v2\/tags?post=12408"},{"taxonomy":"tribe_events_cat","embeddable":true,"href":"https:\/\/comunhaoespirita.org.br\/portal\/wp-json\/wp\/v2\/tribe_events_cat?post=12408"}],"curies":[{"name":"wp","href":"https:\/\/api.w.org\/{rel}","templated":true}]}}

Palestra | Pensamento e Ação

<p>Palestrante: Eustáquio Ferreira<br />
Dirigente:Patrícia Melo/Eugênia Matos</p>
<p>#comunhao #comunhaoespirita #comunhaoespiritadebrasilia #palestraespirita</p>

<p>Palestrante: Eustáquio Ferreira Dirigente:Patrícia Melo/Eugênia Matos #comunhao #comunhaoespirita #comunhaoespiritadebrasilia #palestraespirita</p>
