{"id":12299,"date":"2022-02-17T16:41:58","date_gmt":"2022-02-17T19:41:58","guid":{"rendered":"https:\/\/comunhaoespirita.org.br\/portal\/?post_type=tribe_events&#038;p=12299"},"modified":"2026-03-13T17:03:10","modified_gmt":"2026-03-13T20:03:10","slug":"comunhao-inspira-a-importancia-dos-estudos-doutrinarios-em-nossa-vida","status":"publish","type":"tribe_events","link":"https:\/\/comunhaoespirita.org.br\/portal\/palestra-ou-evento\/comunhao-inspira-a-importancia-dos-estudos-doutrinarios-em-nossa-vida\/","title":{"rendered":"Palestra | Projeto AME\/DF na Sa\u00fade Integral: Uma Bio\u00e9tica Esp\u00edrita"},"content":{"rendered":"<p>Palestrante: Dr.Jos\u00e9 Roberto<br \/>\nDirigente: Fab\u00edola Lima<\/p>\n<p>#comunhao #comunhaoespirita #comunhaoespiritadebrasilia #palestraespirita<\/p>\n","protected":false},"excerpt":{"rendered":"<p>Palestrante: Dr.Jos\u00e9 Roberto Dirigente: Fab\u00edola Lima #comunhao #comunhaoespirita #comunhaoespiritadebrasilia #palestraespirita<\/p>\n","protected":false},"author":10,"featured_media":0,"template":"","meta":{"_tribe_events_status":"","_tribe_events_status_reason":"","footnotes":""},"tags":[],"tribe_events_cat":[82],"class_list":["post-12299","tribe_events","type-tribe_events","status-publish","hentry","tribe_events_cat-cantando-a-doutrina","cat_cantando-a-doutrina"],"jetpack_sharing_enabled":true,"_links":{"self":[{"href":"https:\/\/comunhaoespirita.org.br\/portal\/wp-json\/wp\/v2\/tribe_events\/12299","targetHints":{"allow":["GET"]}}],"collection":[{"href":"https:\/\/comunhaoespirita.org.br\/portal\/wp-json\/wp\/v2\/tribe_events"}],"about":[{"href":"https:\/\/comunhaoespirita.org.br\/portal\/wp-json\/wp\/v2\/types\/tribe_events"}],"author":[{"embeddable":true,"href":"https:\/\/comunhaoespirita.org.br\/portal\/wp-json\/wp\/v2\/users\/10"}],"version-history":[{"count":32,"href":"https:\/\/comunhaoespirita.org.br\/portal\/wp-json\/wp\/v2\/tribe_events\/12299\/revisions"}],"predecessor-version":[{"id":34595,"href":"https:\/\/comunhaoespirita.org.br\/portal\/wp-json\/wp\/v2\/tribe_events\/12299\/revisions\/34595"}],"wp:attachment":[{"href":"https:\/\/comunhaoespirita.org.br\/portal\/wp-json\/wp\/v2\/media?parent=12299"}],"wp:term":[{"taxonomy":"post_tag","embeddable":true,"href":"https:\/\/comunhaoespirita.org.br\/portal\/wp-json\/wp\/v2\/tags?post=12299"},{"taxonomy":"tribe_events_cat","embeddable":true,"href":"https:\/\/comunhaoespirita.org.br\/portal\/wp-json\/wp\/v2\/tribe_events_cat?post=12299"}],"curies":[{"name":"wp","href":"https:\/\/api.w.org\/{rel}","templated":true}]}}

Palestra | Projeto AME/DF na Saúde Integral: Uma Bioética Espírita

<p>Palestrante: Dr.José Roberto<br />
Dirigente: Fabíola Lima</p>
<p>#comunhao #comunhaoespirita #comunhaoespiritadebrasilia #palestraespirita</p>

<p>Palestrante: Dr.José Roberto Dirigente: Fabíola Lima #comunhao #comunhaoespirita #comunhaoespiritadebrasilia #palestraespirita</p>
