{"id":12077,"date":"2022-01-25T10:40:09","date_gmt":"2022-01-25T13:40:09","guid":{"rendered":"https:\/\/comunhaoespirita.org.br\/portal\/?post_type=tribe_events&#038;p=12077"},"modified":"2026-04-06T10:41:52","modified_gmt":"2026-04-06T13:41:52","slug":"palestra-gestao-da-emocao-a-luz-da-psicologia-transpessoal-de-joanna-de-angelis","status":"publish","type":"tribe_events","link":"https:\/\/comunhaoespirita.org.br\/portal\/palestra-ou-evento\/palestra-gestao-da-emocao-a-luz-da-psicologia-transpessoal-de-joanna-de-angelis\/","title":{"rendered":"Jesus Convida ao Evangelho: Da Paix\u00e3o \u00e0 Ressurrei\u00e7\u00e3o"},"content":{"rendered":"<p>Palestrantes: S\u00e9rgio Castro<\/p>\n<p>#comunhao #comunhaoespirita #comunhaoespiritadebrasilia #palestraespirita<\/p>\n","protected":false},"excerpt":{"rendered":"<p>Palestrantes: S\u00e9rgio Castro #comunhao #comunhaoespirita #comunhaoespiritadebrasilia #palestraespirita<\/p>\n","protected":false},"author":10,"featured_media":0,"template":"","meta":{"_tribe_events_status":"","_tribe_events_status_reason":"","footnotes":""},"tags":[],"tribe_events_cat":[115],"class_list":["post-12077","tribe_events","type-tribe_events","status-publish","hentry","tribe_events_cat-tirando-duvidas","cat_tirando-duvidas"],"jetpack_sharing_enabled":true,"_links":{"self":[{"href":"https:\/\/comunhaoespirita.org.br\/portal\/wp-json\/wp\/v2\/tribe_events\/12077","targetHints":{"allow":["GET"]}}],"collection":[{"href":"https:\/\/comunhaoespirita.org.br\/portal\/wp-json\/wp\/v2\/tribe_events"}],"about":[{"href":"https:\/\/comunhaoespirita.org.br\/portal\/wp-json\/wp\/v2\/types\/tribe_events"}],"author":[{"embeddable":true,"href":"https:\/\/comunhaoespirita.org.br\/portal\/wp-json\/wp\/v2\/users\/10"}],"version-history":[{"count":25,"href":"https:\/\/comunhaoespirita.org.br\/portal\/wp-json\/wp\/v2\/tribe_events\/12077\/revisions"}],"predecessor-version":[{"id":34719,"href":"https:\/\/comunhaoespirita.org.br\/portal\/wp-json\/wp\/v2\/tribe_events\/12077\/revisions\/34719"}],"wp:attachment":[{"href":"https:\/\/comunhaoespirita.org.br\/portal\/wp-json\/wp\/v2\/media?parent=12077"}],"wp:term":[{"taxonomy":"post_tag","embeddable":true,"href":"https:\/\/comunhaoespirita.org.br\/portal\/wp-json\/wp\/v2\/tags?post=12077"},{"taxonomy":"tribe_events_cat","embeddable":true,"href":"https:\/\/comunhaoespirita.org.br\/portal\/wp-json\/wp\/v2\/tribe_events_cat?post=12077"}],"curies":[{"name":"wp","href":"https:\/\/api.w.org\/{rel}","templated":true}]}}

Jesus Convida ao Evangelho: Da Paixão à Ressurreição

<p>Palestrantes: Sérgio Castro</p>
<p>#comunhao #comunhaoespirita #comunhaoespiritadebrasilia #palestraespirita</p>

<p>Palestrantes: Sérgio Castro #comunhao #comunhaoespirita #comunhaoespiritadebrasilia #palestraespirita</p>
