{"id":12064,"date":"2022-01-25T09:52:08","date_gmt":"2022-01-25T12:52:08","guid":{"rendered":"https:\/\/comunhaoespirita.org.br\/portal\/?post_type=tribe_events&#038;p=12064"},"modified":"2026-03-13T16:27:18","modified_gmt":"2026-03-13T19:27:18","slug":"prece-aos-suicidas-atitude-e-comportamento","status":"publish","type":"tribe_events","link":"https:\/\/comunhaoespirita.org.br\/portal\/palestra-ou-evento\/prece-aos-suicidas-atitude-e-comportamento\/","title":{"rendered":"Prece aos suicidas | Busquemos o Equil\u00edbrio"},"content":{"rendered":"<p>Palestrante: F\u00e1tima Guimar\u00e3es<br \/>\nDirigente: Analice Thomaz<\/p>\n<p>#comunhao #comunhaoespirita #comunhaoespiritadebrasilia #palestraespirita<\/p>\n<div id=\"gtx-trans\" style=\"position: absolute; left: 89px; top: 0.194447px;\">\n<div class=\"gtx-trans-icon\"><\/div>\n<\/div>\n","protected":false},"excerpt":{"rendered":"<p>Palestrante: F\u00e1tima Guimar\u00e3es Dirigente: Analice Thomaz #comunhao #comunhaoespirita #comunhaoespiritadebrasilia #palestraespirita<\/p>\n","protected":false},"author":10,"featured_media":0,"template":"","meta":{"_tribe_events_status":"","_tribe_events_status_reason":"","footnotes":""},"tags":[],"tribe_events_cat":[84],"class_list":["post-12064","tribe_events","type-tribe_events","status-publish","hentry","tribe_events_cat-preces-aos-suicidas","cat_preces-aos-suicidas"],"jetpack_sharing_enabled":true,"_links":{"self":[{"href":"https:\/\/comunhaoespirita.org.br\/portal\/wp-json\/wp\/v2\/tribe_events\/12064","targetHints":{"allow":["GET"]}}],"collection":[{"href":"https:\/\/comunhaoespirita.org.br\/portal\/wp-json\/wp\/v2\/tribe_events"}],"about":[{"href":"https:\/\/comunhaoespirita.org.br\/portal\/wp-json\/wp\/v2\/types\/tribe_events"}],"author":[{"embeddable":true,"href":"https:\/\/comunhaoespirita.org.br\/portal\/wp-json\/wp\/v2\/users\/10"}],"version-history":[{"count":30,"href":"https:\/\/comunhaoespirita.org.br\/portal\/wp-json\/wp\/v2\/tribe_events\/12064\/revisions"}],"predecessor-version":[{"id":34563,"href":"https:\/\/comunhaoespirita.org.br\/portal\/wp-json\/wp\/v2\/tribe_events\/12064\/revisions\/34563"}],"wp:attachment":[{"href":"https:\/\/comunhaoespirita.org.br\/portal\/wp-json\/wp\/v2\/media?parent=12064"}],"wp:term":[{"taxonomy":"post_tag","embeddable":true,"href":"https:\/\/comunhaoespirita.org.br\/portal\/wp-json\/wp\/v2\/tags?post=12064"},{"taxonomy":"tribe_events_cat","embeddable":true,"href":"https:\/\/comunhaoespirita.org.br\/portal\/wp-json\/wp\/v2\/tribe_events_cat?post=12064"}],"curies":[{"name":"wp","href":"https:\/\/api.w.org\/{rel}","templated":true}]}}

Prece aos suicidas | Busquemos o Equilíbrio

<p>Palestrante: Fátima Guimarães<br />
Dirigente: Analice Thomaz</p>
<p>#comunhao #comunhaoespirita #comunhaoespiritadebrasilia #palestraespirita</p>
<div id="gtx-trans" style="position: absolute; left: 89px; top: 0.194447px;">
<div class="gtx-trans-icon"></div>
</div>

<p>Palestrante: Fátima Guimarães Dirigente: Analice Thomaz #comunhao #comunhaoespirita #comunhaoespiritadebrasilia #palestraespirita</p>
