{"id":12053,"date":"2022-01-24T14:48:05","date_gmt":"2022-01-24T17:48:05","guid":{"rendered":"https:\/\/comunhaoespirita.org.br\/portal\/?post_type=tribe_events&#038;p=12053"},"modified":"2026-04-08T17:27:24","modified_gmt":"2026-04-08T20:27:24","slug":"palestra-introducao-a-o-livro-dos-espiritos","status":"publish","type":"tribe_events","link":"https:\/\/comunhaoespirita.org.br\/portal\/palestra-ou-evento\/palestra-introducao-a-o-livro-dos-espiritos\/","title":{"rendered":"Palestra | Maledic\u00eancia n\u00e3o \u00e9 Apenas um Coment\u00e1rio"},"content":{"rendered":"<p>Palestrante: Eug\u00eania Matos<br \/>\nDirigente: Eug\u00eania Matos\/Patr\u00edcia Melo<span style=\"font-weight: 400;\"><br \/>\n<\/span><br \/>\n#comunhao #comunhaoespirita #comunhaoespiritadebrasilia #palestraespirita<\/p>\n","protected":false},"excerpt":{"rendered":"<p>Palestrante: Eug\u00eania Matos Dirigente: Eug\u00eania Matos\/Patr\u00edcia Melo #comunhao #comunhaoespirita #comunhaoespiritadebrasilia #palestraespirita<\/p>\n","protected":false},"author":10,"featured_media":27117,"template":"","meta":{"_tribe_events_status":"","_tribe_events_status_reason":"","footnotes":""},"tags":[],"tribe_events_cat":[73],"class_list":["post-12053","tribe_events","type-tribe_events","status-publish","has-post-thumbnail","hentry","tribe_events_cat-palestras","cat_palestras"],"jetpack_sharing_enabled":true,"_links":{"self":[{"href":"https:\/\/comunhaoespirita.org.br\/portal\/wp-json\/wp\/v2\/tribe_events\/12053","targetHints":{"allow":["GET"]}}],"collection":[{"href":"https:\/\/comunhaoespirita.org.br\/portal\/wp-json\/wp\/v2\/tribe_events"}],"about":[{"href":"https:\/\/comunhaoespirita.org.br\/portal\/wp-json\/wp\/v2\/types\/tribe_events"}],"author":[{"embeddable":true,"href":"https:\/\/comunhaoespirita.org.br\/portal\/wp-json\/wp\/v2\/users\/10"}],"version-history":[{"count":27,"href":"https:\/\/comunhaoespirita.org.br\/portal\/wp-json\/wp\/v2\/tribe_events\/12053\/revisions"}],"predecessor-version":[{"id":34745,"href":"https:\/\/comunhaoespirita.org.br\/portal\/wp-json\/wp\/v2\/tribe_events\/12053\/revisions\/34745"}],"wp:featuredmedia":[{"embeddable":true,"href":"https:\/\/comunhaoespirita.org.br\/portal\/wp-json\/wp\/v2\/media\/27117"}],"wp:attachment":[{"href":"https:\/\/comunhaoespirita.org.br\/portal\/wp-json\/wp\/v2\/media?parent=12053"}],"wp:term":[{"taxonomy":"post_tag","embeddable":true,"href":"https:\/\/comunhaoespirita.org.br\/portal\/wp-json\/wp\/v2\/tags?post=12053"},{"taxonomy":"tribe_events_cat","embeddable":true,"href":"https:\/\/comunhaoespirita.org.br\/portal\/wp-json\/wp\/v2\/tribe_events_cat?post=12053"}],"curies":[{"name":"wp","href":"https:\/\/api.w.org\/{rel}","templated":true}]}}

Palestra | Maledicência não é Apenas um Comentário

<p>Palestrante: Eugênia Matos<br />
Dirigente: Eugênia Matos/Patrícia Melo<span style="font-weight: 400;"><br />
</span><br />
#comunhao #comunhaoespirita #comunhaoespiritadebrasilia #palestraespirita</p>

<p>Palestrante: Eugênia Matos Dirigente: Eugênia Matos/Patrícia Melo #comunhao #comunhaoespirita #comunhaoespiritadebrasilia #palestraespirita</p>
