{"id":11992,"date":"2022-01-18T15:47:06","date_gmt":"2022-01-18T18:47:06","guid":{"rendered":"https:\/\/comunhaoespirita.org.br\/portal\/?post_type=tribe_events&#038;p=11992"},"modified":"2026-03-13T17:05:34","modified_gmt":"2026-03-13T20:05:34","slug":"palestra-procuremos-com-zelo","status":"publish","type":"tribe_events","link":"https:\/\/comunhaoespirita.org.br\/portal\/palestra-ou-evento\/palestra-procuremos-com-zelo\/","title":{"rendered":"Palestra | A Constru\u00e7\u00e3o Espiritual da Alegria"},"content":{"rendered":"<p>Palestrante: G\u00ednia L\u00facia<br \/>\nDirigente: Anete Vidal<\/p>\n<p>#comunhao #comunhaoespirita #comunhaoespiritadebrasilia #palestraespirita<\/p>\n","protected":false},"excerpt":{"rendered":"<p>Palestrante: G\u00ednia L\u00facia Dirigente: Anete Vidal #comunhao #comunhaoespirita #comunhaoespiritadebrasilia #palestraespirita<\/p>\n","protected":false},"author":10,"featured_media":27117,"template":"","meta":{"_tribe_events_status":"","_tribe_events_status_reason":"","footnotes":""},"tags":[],"tribe_events_cat":[73],"class_list":["post-11992","tribe_events","type-tribe_events","status-publish","has-post-thumbnail","hentry","tribe_events_cat-palestras","cat_palestras"],"jetpack_sharing_enabled":true,"_links":{"self":[{"href":"https:\/\/comunhaoespirita.org.br\/portal\/wp-json\/wp\/v2\/tribe_events\/11992","targetHints":{"allow":["GET"]}}],"collection":[{"href":"https:\/\/comunhaoespirita.org.br\/portal\/wp-json\/wp\/v2\/tribe_events"}],"about":[{"href":"https:\/\/comunhaoespirita.org.br\/portal\/wp-json\/wp\/v2\/types\/tribe_events"}],"author":[{"embeddable":true,"href":"https:\/\/comunhaoespirita.org.br\/portal\/wp-json\/wp\/v2\/users\/10"}],"version-history":[{"count":30,"href":"https:\/\/comunhaoespirita.org.br\/portal\/wp-json\/wp\/v2\/tribe_events\/11992\/revisions"}],"predecessor-version":[{"id":34597,"href":"https:\/\/comunhaoespirita.org.br\/portal\/wp-json\/wp\/v2\/tribe_events\/11992\/revisions\/34597"}],"wp:featuredmedia":[{"embeddable":true,"href":"https:\/\/comunhaoespirita.org.br\/portal\/wp-json\/wp\/v2\/media\/27117"}],"wp:attachment":[{"href":"https:\/\/comunhaoespirita.org.br\/portal\/wp-json\/wp\/v2\/media?parent=11992"}],"wp:term":[{"taxonomy":"post_tag","embeddable":true,"href":"https:\/\/comunhaoespirita.org.br\/portal\/wp-json\/wp\/v2\/tags?post=11992"},{"taxonomy":"tribe_events_cat","embeddable":true,"href":"https:\/\/comunhaoespirita.org.br\/portal\/wp-json\/wp\/v2\/tribe_events_cat?post=11992"}],"curies":[{"name":"wp","href":"https:\/\/api.w.org\/{rel}","templated":true}]}}

Palestra | A Construção Espiritual da Alegria

<p>Palestrante: Gínia Lúcia<br />
Dirigente: Anete Vidal</p>
<p>#comunhao #comunhaoespirita #comunhaoespiritadebrasilia #palestraespirita</p>

<p>Palestrante: Gínia Lúcia Dirigente: Anete Vidal #comunhao #comunhaoespirita #comunhaoespiritadebrasilia #palestraespirita</p>
