{"id":9257,"date":"2021-07-25T10:47:08","date_gmt":"2021-07-25T13:47:08","guid":{"rendered":"https:\/\/comunhaoespirita.net\/portal\/?page_id=9257"},"modified":"2025-05-07T15:50:00","modified_gmt":"2025-05-07T18:50:00","slug":"adi","status":"publish","type":"page","link":"https:\/\/comunhaoespirita.org.br\/portal\/assessorias\/adi\/","title":{"rendered":"ADI"},"content":{"rendered":"\t\t<div data-elementor-type=\"wp-page\" data-elementor-id=\"9257\" class=\"elementor elementor-9257\" data-elementor-post-type=\"page\">\n\t\t\t\t\t\t<section class=\"elementor-section elementor-top-section elementor-element elementor-element-985ab77 elementor-section-boxed elementor-section-height-default elementor-section-height-default\" data-id=\"985ab77\" data-element_type=\"section\" data-e-type=\"section\">\n\t\t\t\t\t\t<div class=\"elementor-container elementor-column-gap-default\">\n\t\t\t\t\t<div class=\"elementor-column elementor-col-100 elementor-top-column elementor-element elementor-element-35fbd2d\" data-id=\"35fbd2d\" data-element_type=\"column\" data-e-type=\"column\">\n\t\t\t<div class=\"elementor-widget-wrap elementor-element-populated\">\n\t\t\t\t\t\t<div class=\"elementor-element elementor-element-7eedd48 elementor-widget elementor-widget-heading\" data-id=\"7eedd48\" data-element_type=\"widget\" data-e-type=\"widget\" data-widget_type=\"heading.default\">\n\t\t\t\t<div class=\"elementor-widget-container\">\n\t\t\t\t\t<h2 class=\"elementor-heading-title elementor-size-default\">ADI - Assessoria de Desenvolvimento Institucional<\/h2>\t\t\t\t<\/div>\n\t\t\t\t<\/div>\n\t\t\t\t\t<\/div>\n\t\t<\/div>\n\t\t\t\t\t<\/div>\n\t\t<\/section>\n\t\t\t\t<section class=\"elementor-section elementor-top-section elementor-element elementor-element-2342f3d elementor-section-boxed elementor-section-height-default elementor-section-height-default\" data-id=\"2342f3d\" data-element_type=\"section\" data-e-type=\"section\">\n\t\t\t\t\t\t<div class=\"elementor-container elementor-column-gap-extended\">\n\t\t\t\t\t<div class=\"elementor-column elementor-col-50 elementor-top-column elementor-element elementor-element-6da5816\" data-id=\"6da5816\" data-element_type=\"column\" data-e-type=\"column\">\n\t\t\t<div class=\"elementor-widget-wrap elementor-element-populated\">\n\t\t\t\t\t\t<div class=\"elementor-element elementor-element-9a78095 elementor-widget elementor-widget-text-editor\" data-id=\"9a78095\" data-element_type=\"widget\" data-e-type=\"widget\" data-widget_type=\"text-editor.default\">\n\t\t\t\t<div class=\"elementor-widget-container\">\n\t\t\t\t\t\t\t\t\t<h3 class=\"vc_custom_heading vc_do_custom_heading\">O que \u00e9 Desenvolvimento Institucional?<\/h3><div class=\"wpb_text_column wpb_content_element\"><div class=\"wpb_wrapper\"><p>Conjunto de iniciativas planejadas e oportunas que contribuem diretamente com a manuten\u00e7\u00e3o e amplia\u00e7\u00e3o qualificada e sustent\u00e1vel da capacidade de atendimento da Comunh\u00e3o Esp\u00edrita de Bras\u00edlia.<\/p><p>\u00a0<\/p><\/div><\/div><h3 class=\"vc_custom_heading vc_do_custom_heading\">Finalidade da Assessoria<\/h3><div class=\"wpb_text_column wpb_content_element\"><div class=\"wpb_wrapper\"><p>Desenvolver planos, projetos, pr\u00e1ticas de trabalho e capacita\u00e7\u00f5es que viabilizem a reten\u00e7\u00e3o e capta\u00e7\u00e3o de recursos para garantir o desenvolvimento institucional da Comunh\u00e3o Esp\u00edrita de Brasilia.<\/p><p>\u00a0<\/p><\/div><\/div><h3 class=\"vc_custom_heading vc_do_custom_heading\">Princ\u00edpios<\/h3><div class=\"wpb_text_column wpb_content_element\"><div class=\"wpb_wrapper\"><p>Amor, humildade, coragem, compromisso, transpar\u00e8ncia, profissionalismo-volunt\u00e1rio, fidelidade \u00e0 Doutrina Esp\u00edrita, respeito aos diferentes saberes e compet\u00eancias e fraternidade.<\/p><p>\u00a0<\/p><\/div><\/div><h3 class=\"vc_custom_heading vc_do_custom_heading\">Quest\u00f5es Importantes<\/h3><div class=\"wpb_text_column wpb_content_element\"><div class=\"wpb_wrapper\"><ol><li>Voc\u00ea sente um certo desconforto em tratar o assunto \u2018contribui\u00e7\u00f5es financeiras\u2019 com alunos, trabalhadores-volunt\u00e1rios ou frequentadores?<\/li><li>Como orient\u00e1-los a realizar contribui\u00e7\u00f5es de modo volunt\u00e1rio e frequente?<\/li><li>Como VOC\u00caS TRABALHADORES-COMUNH\u00c3O podem contribuir com a capta\u00e7\u00e3o de recursos para que possamos manter e ampliar nossa fun\u00e7\u00e3o essencial: acolher, instruir e consolar os mais necessitados volunt\u00e1ria e gratuitamente?<\/li><\/ol><p>\u00a0<\/p><\/div><\/div><h3 class=\"vc_custom_heading vc_do_custom_heading\">Colabore com a ADI<\/h3><div class=\"wpb_text_column wpb_content_element\"><div class=\"wpb_wrapper\"><p>Seja volunt\u00e1rio, escolha as frentes de trabalho mais adequadas ao seu perfil:<\/p><ul><li>An\u00e1lises econ\u00f4micas e financeiras;<\/li><li>Gest\u00e3o de projetos;<\/li><li>Apoio na organiza\u00e7\u00e3o de eventos;<\/li><li>Rela\u00e7\u00f5es p\u00fablicas;<\/li><li>Outras, consulte-nos.<\/li><\/ul><p>\u00a0<\/p><p>Nos ajude a planejar e realizar para que mais irm\u00e3os sejam beneficiados por nossa Comunh\u00e3o.<\/p><\/div><\/div>\t\t\t\t\t\t\t\t<\/div>\n\t\t\t\t<\/div>\n\t\t\t\t\t<\/div>\n\t\t<\/div>\n\t\t\t\t<div class=\"elementor-column elementor-col-50 elementor-top-column elementor-element elementor-element-1495f55\" data-id=\"1495f55\" data-element_type=\"column\" data-e-type=\"column\">\n\t\t\t<div class=\"elementor-widget-wrap elementor-element-populated\">\n\t\t\t\t\t\t<div class=\"elementor-element elementor-element-7ca9b87 elementor-widget elementor-widget-text-editor\" data-id=\"7ca9b87\" data-element_type=\"widget\" data-e-type=\"widget\" data-widget_type=\"text-editor.default\">\n\t\t\t\t<div class=\"elementor-widget-container\">\n\t\t\t\t\t\t\t\t\t<h3 class=\"vc_custom_heading vc_do_custom_heading\">Procure a ADI<\/h3><div class=\"wpb_text_column wpb_content_element\"><div class=\"wpb_wrapper\"><p><a href=\"mailto:asdinpresi@comunhaoespirita.org.br\">asdinpresi@comunhaoespirita.org.br<\/a><\/p><h3>\u00a0<\/h3><\/div><\/div><h3 class=\"vc_custom_heading vc_do_custom_heading\">N\u00facleos de Trabalho<\/h3><div class=\"wpb_text_column wpb_content_element\"><div class=\"wpb_wrapper\"><p><strong>Viabilidade Institucional:<\/strong><\/p><ul><li>Doutrin\u00e1ria<\/li><li>Social<\/li><li>Administrativa<\/li><li>Econ\u00f3mica-financeira<\/li><li>Juridica<\/li><\/ul><p><strong>An\u00e1lise de Riscos e Tend\u00eancias:<\/strong><\/p><ul><li>Processo de gest\u00e3o de riscos<\/li><li>Avalia\u00e7\u00e3o, identifica\u00e7\u00e3o de probabilidade e impactos<\/li><li>Tratamento dos riscos<\/li><li>Prospec\u00e7\u00e3o de tend\u00eancias socials e tecnol\u00f3gicas<\/li><\/ul><p><strong>Projetos, Parcerias e Opera\u00e7\u00f5es:<\/strong><\/p><ul><li>Villa Crist\u00e3 Comunh\u00e3o Esp\u00edrita<\/li><li>Bazar Comunh\u00e3o<\/li><li>Caf\u00e9 Comunh\u00e3o<\/li><li>Livraria e Projeto: Comunh\u00e3o de Saberes Distribui\u00e7\u00e3o de conte\u00fado sob demanda<\/li><li>Editora Comunh\u00e3o<\/li><li>Gest\u00e3o de ativos doados<\/li><li>IAQ-Instituto Aprender e Qualificar<\/li><\/ul><p><strong>Avalia\u00e7\u00e3o de Resultados:<\/strong><\/p><ul><li>Alcance Doutrin\u00e1rio<\/li><li>Alcance Social<\/li><li>Avalia\u00e7\u00e3o de desempenho econ\u00f3mico-financeiro<\/li><li>Presta\u00e7\u00e3o de Contas<\/li><\/ul><\/div><\/div>\t\t\t\t\t\t\t\t<\/div>\n\t\t\t\t<\/div>\n\t\t\t\t\t<\/div>\n\t\t<\/div>\n\t\t\t\t\t<\/div>\n\t\t<\/section>\n\t\t\t\t<\/div>\n\t\t","protected":false},"excerpt":{"rendered":"<p>ADI &#8211; Assessoria de Desenvolvimento Institucional O que \u00e9 Desenvolvimento Institucional? Conjunto de iniciativas planejadas e oportunas que contribuem diretamente com a manuten\u00e7\u00e3o e amplia\u00e7\u00e3o qualificada e sustent\u00e1vel da capacidade [&hellip;]<\/p>\n","protected":false},"author":2,"featured_media":0,"parent":8010,"menu_order":0,"comment_status":"closed","ping_status":"closed","template":"","meta":{"footnotes":""},"class_list":["post-9257","page","type-page","status-publish","hentry"],"jetpack_sharing_enabled":true,"_links":{"self":[{"href":"https:\/\/comunhaoespirita.org.br\/portal\/wp-json\/wp\/v2\/pages\/9257","targetHints":{"allow":["GET"]}}],"collection":[{"href":"https:\/\/comunhaoespirita.org.br\/portal\/wp-json\/wp\/v2\/pages"}],"about":[{"href":"https:\/\/comunhaoespirita.org.br\/portal\/wp-json\/wp\/v2\/types\/page"}],"author":[{"embeddable":true,"href":"https:\/\/comunhaoespirita.org.br\/portal\/wp-json\/wp\/v2\/users\/2"}],"replies":[{"embeddable":true,"href":"https:\/\/comunhaoespirita.org.br\/portal\/wp-json\/wp\/v2\/comments?post=9257"}],"version-history":[{"count":14,"href":"https:\/\/comunhaoespirita.org.br\/portal\/wp-json\/wp\/v2\/pages\/9257\/revisions"}],"predecessor-version":[{"id":27505,"href":"https:\/\/comunhaoespirita.org.br\/portal\/wp-json\/wp\/v2\/pages\/9257\/revisions\/27505"}],"up":[{"embeddable":true,"href":"https:\/\/comunhaoespirita.org.br\/portal\/wp-json\/wp\/v2\/pages\/8010"}],"wp:attachment":[{"href":"https:\/\/comunhaoespirita.org.br\/portal\/wp-json\/wp\/v2\/media?parent=9257"}],"curies":[{"name":"wp","href":"https:\/\/api.w.org\/{rel}","templated":true}]}}

<div data-elementor-type="wp-page" data-elementor-id="9257" class="elementor elementor-9257" data-elementor-post-type="page">
						<section class="elementor-section elementor-top-section elementor-element elementor-element-985ab77 elementor-section-boxed elementor-section-height-default elementor-section-height-default" data-id="985ab77" data-element_type="section" data-e-type="section">
						<div class="elementor-container elementor-column-gap-default">
					<div class="elementor-column elementor-col-100 elementor-top-column elementor-element elementor-element-35fbd2d" data-id="35fbd2d" data-element_type="column" data-e-type="column">
			<div class="elementor-widget-wrap elementor-element-populated">
						<div class="elementor-element elementor-element-7eedd48 elementor-widget elementor-widget-heading" data-id="7eedd48" data-element_type="widget" data-e-type="widget" data-widget_type="heading.default">
				<div class="elementor-widget-container">
					<h2 class="elementor-heading-title elementor-size-default">ADI - Assessoria de Desenvolvimento Institucional</h2>				</div>
				</div>
					</div>
		</div>
					</div>
		</section>
				<section class="elementor-section elementor-top-section elementor-element elementor-element-2342f3d elementor-section-boxed elementor-section-height-default elementor-section-height-default" data-id="2342f3d" data-element_type="section" data-e-type="section">
						<div class="elementor-container elementor-column-gap-extended">
					<div class="elementor-column elementor-col-50 elementor-top-column elementor-element elementor-element-6da5816" data-id="6da5816" data-element_type="column" data-e-type="column">
			<div class="elementor-widget-wrap elementor-element-populated">
						<div class="elementor-element elementor-element-9a78095 elementor-widget elementor-widget-text-editor" data-id="9a78095" data-element_type="widget" data-e-type="widget" data-widget_type="text-editor.default">
				<div class="elementor-widget-container">
									<h3 class="vc_custom_heading vc_do_custom_heading">O que é Desenvolvimento Institucional?</h3><div class="wpb_text_column wpb_content_element"><div class="wpb_wrapper"><p>Conjunto de iniciativas planejadas e oportunas que contribuem diretamente com a manutenção e ampliação qualificada e sustentável da capacidade de atendimento da Comunhão Espírita de Brasília.</p><p> </p></div></div><h3 class="vc_custom_heading vc_do_custom_heading">Finalidade da Assessoria</h3><div class="wpb_text_column wpb_content_element"><div class="wpb_wrapper"><p>Desenvolver planos, projetos, práticas de trabalho e capacitações que viabilizem a retenção e captação de recursos para garantir o desenvolvimento institucional da Comunhão Espírita de Brasilia.</p><p> </p></div></div><h3 class="vc_custom_heading vc_do_custom_heading">Princípios</h3><div class="wpb_text_column wpb_content_element"><div class="wpb_wrapper"><p>Amor, humildade, coragem, compromisso, transparència, profissionalismo-voluntário, fidelidade à Doutrina Espírita, respeito aos diferentes saberes e competências e fraternidade.</p><p> </p></div></div><h3 class="vc_custom_heading vc_do_custom_heading">Questões Importantes</h3><div class="wpb_text_column wpb_content_element"><div class="wpb_wrapper"><ol><li>Você sente um certo desconforto em tratar o assunto ‘contribuições financeiras’ com alunos, trabalhadores-voluntários ou frequentadores?</li><li>Como orientá-los a realizar contribuições de modo voluntário e frequente?</li><li>Como VOCÊS TRABALHADORES-COMUNHÃO podem contribuir com a captação de recursos para que possamos manter e ampliar nossa função essencial: acolher, instruir e consolar os mais necessitados voluntária e gratuitamente?</li></ol><p> </p></div></div><h3 class="vc_custom_heading vc_do_custom_heading">Colabore com a ADI</h3><div class="wpb_text_column wpb_content_element"><div class="wpb_wrapper"><p>Seja voluntário, escolha as frentes de trabalho mais adequadas ao seu perfil:</p><ul><li>Análises econômicas e financeiras;</li><li>Gestão de projetos;</li><li>Apoio na organização de eventos;</li><li>Relações públicas;</li><li>Outras, consulte-nos.</li></ul><p> </p><p>Nos ajude a planejar e realizar para que mais irmãos sejam beneficiados por nossa Comunhão.</p></div></div>								</div>
				</div>
					</div>
		</div>
				<div class="elementor-column elementor-col-50 elementor-top-column elementor-element elementor-element-1495f55" data-id="1495f55" data-element_type="column" data-e-type="column">
			<div class="elementor-widget-wrap elementor-element-populated">
						<div class="elementor-element elementor-element-7ca9b87 elementor-widget elementor-widget-text-editor" data-id="7ca9b87" data-element_type="widget" data-e-type="widget" data-widget_type="text-editor.default">
				<div class="elementor-widget-container">
									<h3 class="vc_custom_heading vc_do_custom_heading">Procure a ADI</h3><div class="wpb_text_column wpb_content_element"><div class="wpb_wrapper"><p><a href="mailto:asdinpresi@comunhaoespirita.org.br">asdinpresi@comunhaoespirita.org.br</a></p><h3> </h3></div></div><h3 class="vc_custom_heading vc_do_custom_heading">Núcleos de Trabalho</h3><div class="wpb_text_column wpb_content_element"><div class="wpb_wrapper"><p><strong>Viabilidade Institucional:</strong></p><ul><li>Doutrinária</li><li>Social</li><li>Administrativa</li><li>Económica-financeira</li><li>Juridica</li></ul><p><strong>Análise de Riscos e Tendências:</strong></p><ul><li>Processo de gestão de riscos</li><li>Avaliação, identificação de probabilidade e impactos</li><li>Tratamento dos riscos</li><li>Prospecção de tendências socials e tecnológicas</li></ul><p><strong>Projetos, Parcerias e Operações:</strong></p><ul><li>Villa Cristã Comunhão Espírita</li><li>Bazar Comunhão</li><li>Café Comunhão</li><li>Livraria e Projeto: Comunhão de Saberes Distribuição de conteúdo sob demanda</li><li>Editora Comunhão</li><li>Gestão de ativos doados</li><li>IAQ-Instituto Aprender e Qualificar</li></ul><p><strong>Avaliação de Resultados:</strong></p><ul><li>Alcance Doutrinário</li><li>Alcance Social</li><li>Avaliação de desempenho económico-financeiro</li><li>Prestação de Contas</li></ul></div></div>								</div>
				</div>
					</div>
		</div>
					</div>
		</section>
				</div>

<p>ADI &#8211; Assessoria de Desenvolvimento Institucional O que é Desenvolvimento Institucional? Conjunto de iniciativas planejadas e oportunas que contribuem diretamente com a manutenção e ampliação qualificada e sustentável da capacidade [&hellip;]</p>
