{"id":9255,"date":"2021-07-25T10:43:51","date_gmt":"2021-07-25T13:43:51","guid":{"rendered":"https:\/\/comunhaoespirita.net\/portal\/?page_id=9255"},"modified":"2025-05-06T17:03:55","modified_gmt":"2025-05-06T20:03:55","slug":"aju","status":"publish","type":"page","link":"https:\/\/comunhaoespirita.org.br\/portal\/assessorias\/aju\/","title":{"rendered":"AJU"},"content":{"rendered":"\t\t<div data-elementor-type=\"wp-page\" data-elementor-id=\"9255\" class=\"elementor elementor-9255\" data-elementor-post-type=\"page\">\n\t\t\t\t\t\t<section class=\"elementor-section elementor-top-section elementor-element elementor-element-02f58a7 elementor-section-boxed elementor-section-height-default elementor-section-height-default\" data-id=\"02f58a7\" data-element_type=\"section\" data-e-type=\"section\">\n\t\t\t\t\t\t<div class=\"elementor-container elementor-column-gap-default\">\n\t\t\t\t\t<div class=\"elementor-column elementor-col-100 elementor-top-column elementor-element elementor-element-c01fa9f\" data-id=\"c01fa9f\" data-element_type=\"column\" data-e-type=\"column\">\n\t\t\t<div class=\"elementor-widget-wrap elementor-element-populated\">\n\t\t\t\t\t\t<div class=\"elementor-element elementor-element-b56907f elementor-widget elementor-widget-heading\" data-id=\"b56907f\" data-element_type=\"widget\" data-e-type=\"widget\" data-widget_type=\"heading.default\">\n\t\t\t\t<div class=\"elementor-widget-container\">\n\t\t\t\t\t<h2 class=\"elementor-heading-title elementor-size-default\">AJU - Assessoria Jur\u00eddica<\/h2>\t\t\t\t<\/div>\n\t\t\t\t<\/div>\n\t\t\t\t\t<\/div>\n\t\t<\/div>\n\t\t\t\t\t<\/div>\n\t\t<\/section>\n\t\t\t\t<section class=\"elementor-section elementor-top-section elementor-element elementor-element-2796070 elementor-section-boxed elementor-section-height-default elementor-section-height-default\" data-id=\"2796070\" data-element_type=\"section\" data-e-type=\"section\">\n\t\t\t\t\t\t<div class=\"elementor-container elementor-column-gap-default\">\n\t\t\t\t\t<div class=\"elementor-column elementor-col-100 elementor-top-column elementor-element elementor-element-62cdf51\" data-id=\"62cdf51\" data-element_type=\"column\" data-e-type=\"column\">\n\t\t\t<div class=\"elementor-widget-wrap\">\n\t\t\t\t\t\t\t<\/div>\n\t\t<\/div>\n\t\t\t\t\t<\/div>\n\t\t<\/section>\n\t\t\t\t<section class=\"elementor-section elementor-top-section elementor-element elementor-element-76520b5 elementor-section-boxed elementor-section-height-default elementor-section-height-default\" data-id=\"76520b5\" data-element_type=\"section\" data-e-type=\"section\">\n\t\t\t\t\t\t<div class=\"elementor-container elementor-column-gap-default\">\n\t\t\t\t\t<div class=\"elementor-column elementor-col-16 elementor-top-column elementor-element elementor-element-a85eeac\" data-id=\"a85eeac\" data-element_type=\"column\" data-e-type=\"column\">\n\t\t\t<div class=\"elementor-widget-wrap\">\n\t\t\t\t\t\t\t<\/div>\n\t\t<\/div>\n\t\t\t\t<div class=\"elementor-column elementor-col-66 elementor-top-column elementor-element elementor-element-aa708ba\" data-id=\"aa708ba\" data-element_type=\"column\" data-e-type=\"column\">\n\t\t\t<div class=\"elementor-widget-wrap elementor-element-populated\">\n\t\t\t\t\t\t<div class=\"elementor-element elementor-element-aa8b346 elementor-widget elementor-widget-text-editor\" data-id=\"aa8b346\" data-element_type=\"widget\" data-e-type=\"widget\" data-widget_type=\"text-editor.default\">\n\t\t\t\t<div class=\"elementor-widget-container\">\n\t\t\t\t\t\t\t\t\t<p>Vinculada \u00e0 Presid\u00eancia, tem por miss\u00e3o prestar assessoria jur\u00eddica \u00e0 Comunh\u00e3o, no \u00e2mbito administrativo e jurisdicional, nas quest\u00f5es relacionadas \u00e0 Lei e ao Direito (art. 30, VII, RI).<\/p><p>O nome do titular da AJU, que \u00e9 um dos \u00d3rg\u00e3os de Assessoramento Superior da Comunh\u00e3o, escolhido pelo Presidente entre os associados que cumpram integralmente as condi\u00e7\u00f5es estabelecidas no inciso III do art. 6\u00ba do Estatuto, \u00e9 submetido ao CD na primeira reuni\u00e3o subsequente \u00e0 data da escolha (art. 32, RI).<\/p>\t\t\t\t\t\t\t\t<\/div>\n\t\t\t\t<\/div>\n\t\t\t\t\t<\/div>\n\t\t<\/div>\n\t\t\t\t<div class=\"elementor-column elementor-col-16 elementor-top-column elementor-element elementor-element-42f0063\" data-id=\"42f0063\" data-element_type=\"column\" data-e-type=\"column\">\n\t\t\t<div class=\"elementor-widget-wrap\">\n\t\t\t\t\t\t\t<\/div>\n\t\t<\/div>\n\t\t\t\t\t<\/div>\n\t\t<\/section>\n\t\t\t\t<section class=\"elementor-section elementor-top-section elementor-element elementor-element-6e2cab3 elementor-section-boxed elementor-section-height-default elementor-section-height-default\" data-id=\"6e2cab3\" data-element_type=\"section\" data-e-type=\"section\">\n\t\t\t\t\t\t<div class=\"elementor-container elementor-column-gap-default\">\n\t\t\t\t\t<div class=\"elementor-column elementor-col-50 elementor-top-column elementor-element elementor-element-4727c88\" data-id=\"4727c88\" data-element_type=\"column\" data-e-type=\"column\">\n\t\t\t<div class=\"elementor-widget-wrap elementor-element-populated\">\n\t\t\t\t\t\t<div class=\"elementor-element elementor-element-ba70073 elementor-widget elementor-widget-heading\" data-id=\"ba70073\" data-element_type=\"widget\" data-e-type=\"widget\" data-widget_type=\"heading.default\">\n\t\t\t\t<div class=\"elementor-widget-container\">\n\t\t\t\t\t<h3 class=\"elementor-heading-title elementor-size-default\">Atribui\u00e7\u00f5es<\/h3>\t\t\t\t<\/div>\n\t\t\t\t<\/div>\n\t\t\t\t\t<\/div>\n\t\t<\/div>\n\t\t\t\t<div class=\"elementor-column elementor-col-50 elementor-top-column elementor-element elementor-element-a9e1b52\" data-id=\"a9e1b52\" data-element_type=\"column\" data-e-type=\"column\">\n\t\t\t<div class=\"elementor-widget-wrap elementor-element-populated\">\n\t\t\t\t\t\t<div class=\"elementor-element elementor-element-3cebd76 elementor-widget elementor-widget-heading\" data-id=\"3cebd76\" data-element_type=\"widget\" data-e-type=\"widget\" data-widget_type=\"heading.default\">\n\t\t\t\t<div class=\"elementor-widget-container\">\n\t\t\t\t\t<h3 class=\"elementor-heading-title elementor-size-default\">Realiza\u00e7\u00f5es<\/h3>\t\t\t\t<\/div>\n\t\t\t\t<\/div>\n\t\t\t\t\t<\/div>\n\t\t<\/div>\n\t\t\t\t\t<\/div>\n\t\t<\/section>\n\t\t\t\t<section class=\"elementor-section elementor-top-section elementor-element elementor-element-3d46263 elementor-section-boxed elementor-section-height-default elementor-section-height-default\" data-id=\"3d46263\" data-element_type=\"section\" data-e-type=\"section\">\n\t\t\t\t\t\t<div class=\"elementor-container elementor-column-gap-default\">\n\t\t\t\t\t<div class=\"elementor-column elementor-col-50 elementor-top-column elementor-element elementor-element-8587802\" data-id=\"8587802\" data-element_type=\"column\" data-e-type=\"column\">\n\t\t\t<div class=\"elementor-widget-wrap elementor-element-populated\">\n\t\t\t\t\t\t<div class=\"elementor-element elementor-element-be5faa8 elementor-widget elementor-widget-text-editor\" data-id=\"be5faa8\" data-element_type=\"widget\" data-e-type=\"widget\" data-widget_type=\"text-editor.default\">\n\t\t\t\t<div class=\"elementor-widget-container\">\n\t\t\t\t\t\t\t\t\t<p>As atribui\u00e7\u00f5es da Assessoria Jur\u00eddica, entre outras, s\u00e3o:<\/p><p style=\"padding-left: 40px;\">I \u2013 elaborar estudos e preparar informa\u00e7\u00f5es no \u00e2mbito de sua compet\u00eancia;<\/p><p style=\"padding-left: 40px;\">II \u2013 assessorar o Conselho Diretor nas situa\u00e7\u00f5es de interpreta\u00e7\u00e3o das leis e das normas que disciplinam as atividades da COMUNH\u00c3O;<\/p><p style=\"padding-left: 40px;\">III \u2013 assessorar a Diretoria-Geral no controle interno da legalidade administrativa;<\/p><p style=\"padding-left: 40px;\">IV \u2013 assessorar a Diretoria-Geral no controle da legalidade dos atos da Administra\u00e7\u00e3o da COMUNH\u00c3O, mediante o exame de propostas, anteprojetos, projetos e minutas de atos, contratos, acordos, conv\u00eanios ou ajustes, entre outros;<\/p><p style=\"padding-left: 40px;\">V \u2013 assessorar a Presid\u00eancia nos atos relativos \u00e0 realiza\u00e7\u00e3o das Assembleias Gerais;<\/p><p style=\"padding-left: 40px;\">VI \u2013 fornecer ou requerer subs\u00eddios para a defesa dos direitos e interesses da COMUNH\u00c3O e prestar as informa\u00e7\u00f5es ao Poder Judici\u00e1rio, quando solicitadas;<\/p><p style=\"padding-left: 40px;\">VII \u2013 examinar ordens e senten\u00e7as judiciais e orientar quanto ao seu exato cumprimento;<\/p><p style=\"padding-left: 40px;\">VIII \u2013 emitir pareceres t\u00e9cnico-jur\u00eddicos em processos administrativos e opinar conclusivamente sobre quest\u00f5es decorrentes da aplica\u00e7\u00e3o das leis e normas.<\/p>\t\t\t\t\t\t\t\t<\/div>\n\t\t\t\t<\/div>\n\t\t\t\t\t<\/div>\n\t\t<\/div>\n\t\t\t\t<div class=\"elementor-column elementor-col-50 elementor-top-column elementor-element elementor-element-22d0d70\" data-id=\"22d0d70\" data-element_type=\"column\" data-e-type=\"column\">\n\t\t\t<div class=\"elementor-widget-wrap elementor-element-populated\">\n\t\t\t\t\t\t<div class=\"elementor-element elementor-element-69b0457 elementor-widget elementor-widget-text-editor\" data-id=\"69b0457\" data-element_type=\"widget\" data-e-type=\"widget\" data-widget_type=\"text-editor.default\">\n\t\t\t\t<div class=\"elementor-widget-container\">\n\t\t\t\t\t\t\t\t\t<p>Realiza\u00e7\u00f5es da AJU nos \u00faltimos anos:<\/p><p style=\"padding-left: 40px;\">a) assessoria na revis\u00e3o do Estatuto, do Regimento Interno e de algumas normas internas da Comunh\u00e3o;<\/p><p style=\"padding-left: 40px;\">b) an\u00e1lise jur\u00eddica dos contratos, acordos, conv\u00eanios ou ajustes firmados pela Comunh\u00e3o;<\/p><p style=\"padding-left: 40px;\">c) participa\u00e7\u00e3o na an\u00e1lise das normas das demais \u00e1reas da Comunh\u00e3o;<\/p><p style=\"padding-left: 40px;\">d) elabora\u00e7\u00e3o de pareceres diversos em mat\u00e9ria interna da Comunh\u00e3o, mais especificamente sobre situa\u00e7\u00f5es de interpreta\u00e7\u00e3o das normas que disciplinam as atividades da institui\u00e7\u00e3o, \u00e0 luz do estatuto e das leis vigentes;<\/p><p style=\"padding-left: 40px;\">e) an\u00e1lise e emiss\u00e3o de pareceres visando o equacionamento de pend\u00eancias futuras relacionadas \u00e0 legisla\u00e7\u00e3o trabalhista e aos direitos e obriga\u00e7\u00f5es dos empregados e empregadora;<\/p><p style=\"padding-left: 40px;\">f) participa\u00e7\u00e3o no Grupo criado para avaliar a implanta\u00e7\u00e3o da LGPD no \u00e2mbito da Comunh\u00e3o;<\/p><p style=\"padding-left: 40px;\">g) revis\u00e3o dos formul\u00e1rios de todas as \u00e1reas da Comunh\u00e3o.<\/p>\t\t\t\t\t\t\t\t<\/div>\n\t\t\t\t<\/div>\n\t\t\t\t\t<\/div>\n\t\t<\/div>\n\t\t\t\t\t<\/div>\n\t\t<\/section>\n\t\t\t\t<\/div>\n\t\t","protected":false},"excerpt":{"rendered":"<p>AJU &#8211; Assessoria Jur\u00eddica Vinculada \u00e0 Presid\u00eancia, tem por miss\u00e3o prestar assessoria jur\u00eddica \u00e0 Comunh\u00e3o, no \u00e2mbito administrativo e jurisdicional, nas quest\u00f5es relacionadas \u00e0 Lei e ao Direito (art. 30, [&hellip;]<\/p>\n","protected":false},"author":2,"featured_media":0,"parent":8010,"menu_order":0,"comment_status":"closed","ping_status":"closed","template":"","meta":{"footnotes":""},"class_list":["post-9255","page","type-page","status-publish","hentry"],"jetpack_sharing_enabled":true,"_links":{"self":[{"href":"https:\/\/comunhaoespirita.org.br\/portal\/wp-json\/wp\/v2\/pages\/9255","targetHints":{"allow":["GET"]}}],"collection":[{"href":"https:\/\/comunhaoespirita.org.br\/portal\/wp-json\/wp\/v2\/pages"}],"about":[{"href":"https:\/\/comunhaoespirita.org.br\/portal\/wp-json\/wp\/v2\/types\/page"}],"author":[{"embeddable":true,"href":"https:\/\/comunhaoespirita.org.br\/portal\/wp-json\/wp\/v2\/users\/2"}],"replies":[{"embeddable":true,"href":"https:\/\/comunhaoespirita.org.br\/portal\/wp-json\/wp\/v2\/comments?post=9255"}],"version-history":[{"count":13,"href":"https:\/\/comunhaoespirita.org.br\/portal\/wp-json\/wp\/v2\/pages\/9255\/revisions"}],"predecessor-version":[{"id":27425,"href":"https:\/\/comunhaoespirita.org.br\/portal\/wp-json\/wp\/v2\/pages\/9255\/revisions\/27425"}],"up":[{"embeddable":true,"href":"https:\/\/comunhaoespirita.org.br\/portal\/wp-json\/wp\/v2\/pages\/8010"}],"wp:attachment":[{"href":"https:\/\/comunhaoespirita.org.br\/portal\/wp-json\/wp\/v2\/media?parent=9255"}],"curies":[{"name":"wp","href":"https:\/\/api.w.org\/{rel}","templated":true}]}}

<div data-elementor-type="wp-page" data-elementor-id="9255" class="elementor elementor-9255" data-elementor-post-type="page">
						<section class="elementor-section elementor-top-section elementor-element elementor-element-02f58a7 elementor-section-boxed elementor-section-height-default elementor-section-height-default" data-id="02f58a7" data-element_type="section" data-e-type="section">
						<div class="elementor-container elementor-column-gap-default">
					<div class="elementor-column elementor-col-100 elementor-top-column elementor-element elementor-element-c01fa9f" data-id="c01fa9f" data-element_type="column" data-e-type="column">
			<div class="elementor-widget-wrap elementor-element-populated">
						<div class="elementor-element elementor-element-b56907f elementor-widget elementor-widget-heading" data-id="b56907f" data-element_type="widget" data-e-type="widget" data-widget_type="heading.default">
				<div class="elementor-widget-container">
					<h2 class="elementor-heading-title elementor-size-default">AJU - Assessoria Jurídica</h2>				</div>
				</div>
					</div>
		</div>
					</div>
		</section>
				<section class="elementor-section elementor-top-section elementor-element elementor-element-2796070 elementor-section-boxed elementor-section-height-default elementor-section-height-default" data-id="2796070" data-element_type="section" data-e-type="section">
						<div class="elementor-container elementor-column-gap-default">
					<div class="elementor-column elementor-col-100 elementor-top-column elementor-element elementor-element-62cdf51" data-id="62cdf51" data-element_type="column" data-e-type="column">
			<div class="elementor-widget-wrap">
							</div>
		</div>
					</div>
		</section>
				<section class="elementor-section elementor-top-section elementor-element elementor-element-76520b5 elementor-section-boxed elementor-section-height-default elementor-section-height-default" data-id="76520b5" data-element_type="section" data-e-type="section">
						<div class="elementor-container elementor-column-gap-default">
					<div class="elementor-column elementor-col-16 elementor-top-column elementor-element elementor-element-a85eeac" data-id="a85eeac" data-element_type="column" data-e-type="column">
			<div class="elementor-widget-wrap">
							</div>
		</div>
				<div class="elementor-column elementor-col-66 elementor-top-column elementor-element elementor-element-aa708ba" data-id="aa708ba" data-element_type="column" data-e-type="column">
			<div class="elementor-widget-wrap elementor-element-populated">
						<div class="elementor-element elementor-element-aa8b346 elementor-widget elementor-widget-text-editor" data-id="aa8b346" data-element_type="widget" data-e-type="widget" data-widget_type="text-editor.default">
				<div class="elementor-widget-container">
									<p>Vinculada à Presidência, tem por missão prestar assessoria jurídica à Comunhão, no âmbito administrativo e jurisdicional, nas questões relacionadas à Lei e ao Direito (art. 30, VII, RI).</p><p>O nome do titular da AJU, que é um dos Órgãos de Assessoramento Superior da Comunhão, escolhido pelo Presidente entre os associados que cumpram integralmente as condições estabelecidas no inciso III do art. 6º do Estatuto, é submetido ao CD na primeira reunião subsequente à data da escolha (art. 32, RI).</p>								</div>
				</div>
					</div>
		</div>
				<div class="elementor-column elementor-col-16 elementor-top-column elementor-element elementor-element-42f0063" data-id="42f0063" data-element_type="column" data-e-type="column">
			<div class="elementor-widget-wrap">
							</div>
		</div>
					</div>
		</section>
				<section class="elementor-section elementor-top-section elementor-element elementor-element-6e2cab3 elementor-section-boxed elementor-section-height-default elementor-section-height-default" data-id="6e2cab3" data-element_type="section" data-e-type="section">
						<div class="elementor-container elementor-column-gap-default">
					<div class="elementor-column elementor-col-50 elementor-top-column elementor-element elementor-element-4727c88" data-id="4727c88" data-element_type="column" data-e-type="column">
			<div class="elementor-widget-wrap elementor-element-populated">
						<div class="elementor-element elementor-element-ba70073 elementor-widget elementor-widget-heading" data-id="ba70073" data-element_type="widget" data-e-type="widget" data-widget_type="heading.default">
				<div class="elementor-widget-container">
					<h3 class="elementor-heading-title elementor-size-default">Atribuições</h3>				</div>
				</div>
					</div>
		</div>
				<div class="elementor-column elementor-col-50 elementor-top-column elementor-element elementor-element-a9e1b52" data-id="a9e1b52" data-element_type="column" data-e-type="column">
			<div class="elementor-widget-wrap elementor-element-populated">
						<div class="elementor-element elementor-element-3cebd76 elementor-widget elementor-widget-heading" data-id="3cebd76" data-element_type="widget" data-e-type="widget" data-widget_type="heading.default">
				<div class="elementor-widget-container">
					<h3 class="elementor-heading-title elementor-size-default">Realizações</h3>				</div>
				</div>
					</div>
		</div>
					</div>
		</section>
				<section class="elementor-section elementor-top-section elementor-element elementor-element-3d46263 elementor-section-boxed elementor-section-height-default elementor-section-height-default" data-id="3d46263" data-element_type="section" data-e-type="section">
						<div class="elementor-container elementor-column-gap-default">
					<div class="elementor-column elementor-col-50 elementor-top-column elementor-element elementor-element-8587802" data-id="8587802" data-element_type="column" data-e-type="column">
			<div class="elementor-widget-wrap elementor-element-populated">
						<div class="elementor-element elementor-element-be5faa8 elementor-widget elementor-widget-text-editor" data-id="be5faa8" data-element_type="widget" data-e-type="widget" data-widget_type="text-editor.default">
				<div class="elementor-widget-container">
									<p>As atribuições da Assessoria Jurídica, entre outras, são:</p><p style="padding-left: 40px;">I – elaborar estudos e preparar informações no âmbito de sua competência;</p><p style="padding-left: 40px;">II – assessorar o Conselho Diretor nas situações de interpretação das leis e das normas que disciplinam as atividades da COMUNHÃO;</p><p style="padding-left: 40px;">III – assessorar a Diretoria-Geral no controle interno da legalidade administrativa;</p><p style="padding-left: 40px;">IV – assessorar a Diretoria-Geral no controle da legalidade dos atos da Administração da COMUNHÃO, mediante o exame de propostas, anteprojetos, projetos e minutas de atos, contratos, acordos, convênios ou ajustes, entre outros;</p><p style="padding-left: 40px;">V – assessorar a Presidência nos atos relativos à realização das Assembleias Gerais;</p><p style="padding-left: 40px;">VI – fornecer ou requerer subsídios para a defesa dos direitos e interesses da COMUNHÃO e prestar as informações ao Poder Judiciário, quando solicitadas;</p><p style="padding-left: 40px;">VII – examinar ordens e sentenças judiciais e orientar quanto ao seu exato cumprimento;</p><p style="padding-left: 40px;">VIII – emitir pareceres técnico-jurídicos em processos administrativos e opinar conclusivamente sobre questões decorrentes da aplicação das leis e normas.</p>								</div>
				</div>
					</div>
		</div>
				<div class="elementor-column elementor-col-50 elementor-top-column elementor-element elementor-element-22d0d70" data-id="22d0d70" data-element_type="column" data-e-type="column">
			<div class="elementor-widget-wrap elementor-element-populated">
						<div class="elementor-element elementor-element-69b0457 elementor-widget elementor-widget-text-editor" data-id="69b0457" data-element_type="widget" data-e-type="widget" data-widget_type="text-editor.default">
				<div class="elementor-widget-container">
									<p>Realizações da AJU nos últimos anos:</p><p style="padding-left: 40px;">a) assessoria na revisão do Estatuto, do Regimento Interno e de algumas normas internas da Comunhão;</p><p style="padding-left: 40px;">b) análise jurídica dos contratos, acordos, convênios ou ajustes firmados pela Comunhão;</p><p style="padding-left: 40px;">c) participação na análise das normas das demais áreas da Comunhão;</p><p style="padding-left: 40px;">d) elaboração de pareceres diversos em matéria interna da Comunhão, mais especificamente sobre situações de interpretação das normas que disciplinam as atividades da instituição, à luz do estatuto e das leis vigentes;</p><p style="padding-left: 40px;">e) análise e emissão de pareceres visando o equacionamento de pendências futuras relacionadas à legislação trabalhista e aos direitos e obrigações dos empregados e empregadora;</p><p style="padding-left: 40px;">f) participação no Grupo criado para avaliar a implantação da LGPD no âmbito da Comunhão;</p><p style="padding-left: 40px;">g) revisão dos formulários de todas as áreas da Comunhão.</p>								</div>
				</div>
					</div>
		</div>
					</div>
		</section>
				</div>

<p>AJU &#8211; Assessoria Jurídica Vinculada à Presidência, tem por missão prestar assessoria jurídica à Comunhão, no âmbito administrativo e jurisdicional, nas questões relacionadas à Lei e ao Direito (art. 30, [&hellip;]</p>
