{"id":20638,"date":"2023-08-15T14:40:32","date_gmt":"2023-08-15T17:40:32","guid":{"rendered":"https:\/\/comunhaoespirita.org.br\/portal\/?page_id=20638"},"modified":"2025-05-29T18:37:37","modified_gmt":"2025-05-29T21:37:37","slug":"voluntariado-para-assessoria-comunicacao-e-eventos","status":"publish","type":"page","link":"https:\/\/comunhaoespirita.org.br\/portal\/assessorias\/ace\/voluntariado-para-assessoria-comunicacao-e-eventos\/","title":{"rendered":"Voluntariado para Assessoria de Comunica\u00e7\u00e3o e Eventos"},"content":{"rendered":"\t\t<div data-elementor-type=\"wp-page\" data-elementor-id=\"20638\" class=\"elementor elementor-20638\" data-elementor-post-type=\"page\">\n\t\t\t\t\t\t<section class=\"elementor-section elementor-top-section elementor-element elementor-element-ebc63e7 elementor-section-boxed elementor-section-height-default elementor-section-height-default\" data-id=\"ebc63e7\" data-element_type=\"section\" data-e-type=\"section\">\n\t\t\t\t\t\t<div class=\"elementor-container elementor-column-gap-default\">\n\t\t\t\t\t<div class=\"elementor-column elementor-col-100 elementor-top-column elementor-element elementor-element-d381557\" data-id=\"d381557\" data-element_type=\"column\" data-e-type=\"column\">\n\t\t\t<div class=\"elementor-widget-wrap elementor-element-populated\">\n\t\t\t\t\t\t<div class=\"elementor-element elementor-element-4f1b239 elementor-widget elementor-widget-heading\" data-id=\"4f1b239\" data-element_type=\"widget\" data-e-type=\"widget\" data-widget_type=\"heading.default\">\n\t\t\t\t<div class=\"elementor-widget-container\">\n\t\t\t\t\t<h2 class=\"elementor-heading-title elementor-size-default\">Voluntariado para Assessoria de Comunica\u00e7\u00e3o e Eventos<\/h2>\t\t\t\t<\/div>\n\t\t\t\t<\/div>\n\t\t\t\t\t<\/div>\n\t\t<\/div>\n\t\t\t\t\t<\/div>\n\t\t<\/section>\n\t\t\t\t<section class=\"elementor-section elementor-top-section elementor-element elementor-element-6e9d623 elementor-section-boxed elementor-section-height-default elementor-section-height-default\" data-id=\"6e9d623\" data-element_type=\"section\" data-e-type=\"section\">\n\t\t\t\t\t\t<div class=\"elementor-container elementor-column-gap-default\">\n\t\t\t\t\t<div class=\"elementor-column elementor-col-16 elementor-top-column elementor-element elementor-element-88f7615\" data-id=\"88f7615\" data-element_type=\"column\" data-e-type=\"column\">\n\t\t\t<div class=\"elementor-widget-wrap\">\n\t\t\t\t\t\t\t<\/div>\n\t\t<\/div>\n\t\t\t\t<div class=\"elementor-column elementor-col-66 elementor-top-column elementor-element elementor-element-aaa2a10\" data-id=\"aaa2a10\" data-element_type=\"column\" data-e-type=\"column\">\n\t\t\t<div class=\"elementor-widget-wrap elementor-element-populated\">\n\t\t\t\t\t\t<div class=\"elementor-element elementor-element-48c2d25e elementor-widget elementor-widget-text-editor\" data-id=\"48c2d25e\" data-element_type=\"widget\" data-e-type=\"widget\" data-widget_type=\"text-editor.default\">\n\t\t\t\t<div class=\"elementor-widget-container\">\n\t\t\t\t\t\t\t\t\t<p><strong>Observa\u00e7\u00e3o<\/strong><\/p><p>Para ser um volunt\u00e1rio na Comunh\u00e3o \u00e9 necess\u00e1rio cumprir os pr\u00e9-requisitos abaixo:<\/p><ul><li>ter estudado ou estar estudando o ESDE;<\/li><li>ser associado\u00a0contribuinte;<\/li><\/ul><p>\n<div class=\"wpcf7 no-js\" id=\"wpcf7-f20643-o1\" lang=\"pt-BR\" dir=\"ltr\" data-wpcf7-id=\"20643\">\n<div class=\"screen-reader-response\"><p role=\"status\" aria-live=\"polite\" aria-atomic=\"true\"><\/p> <ul><\/ul><\/div>\n<form action=\"\/portal\/wp-json\/wp\/v2\/pages\/20638#wpcf7-f20643-o1\" method=\"post\" class=\"wpcf7-form init\" aria-label=\"Formul\u00e1rios de contato\" novalidate=\"novalidate\" data-status=\"init\">\n<fieldset class=\"hidden-fields-container\"><input type=\"hidden\" name=\"_wpcf7\" value=\"20643\" \/><input type=\"hidden\" name=\"_wpcf7_version\" value=\"6.1.5\" \/><input type=\"hidden\" name=\"_wpcf7_locale\" value=\"pt_BR\" \/><input type=\"hidden\" name=\"_wpcf7_unit_tag\" value=\"wpcf7-f20643-o1\" \/><input type=\"hidden\" name=\"_wpcf7_container_post\" value=\"0\" \/><input type=\"hidden\" name=\"_wpcf7_posted_data_hash\" value=\"\" \/>\n<\/fieldset>\n<div id=\"two-column\">\n\t<div id=\"left\">\n\t\t<p style=\"font-weight: bold;\"> Assunto: Voluntariado\n\t\t<\/p>\n\t\t<p style=\"font-weight: bold;\"> * Seu nome<br \/>\n<span class=\"wpcf7-form-control-wrap\" data-name=\"your-name\"><input size=\"40\" maxlength=\"400\" class=\"wpcf7-form-control wpcf7-text wpcf7-validates-as-required\" aria-required=\"true\" aria-invalid=\"false\" placeholder=\"Digite seu nome\" value=\"\" type=\"text\" name=\"your-name\" \/><\/span>\n\t\t<\/p>\n\t\t<p style=\"font-weight: bold;\"> * Seu e-mail<br \/>\n<span class=\"wpcf7-form-control-wrap\" data-name=\"your-email\"><input size=\"40\" maxlength=\"400\" class=\"wpcf7-form-control wpcf7-email wpcf7-validates-as-required wpcf7-text wpcf7-validates-as-email\" aria-required=\"true\" aria-invalid=\"false\" placeholder=\"Digite seu e-mail\" value=\"\" type=\"email\" name=\"your-email\" \/><\/span>\n\t\t<\/p>\n\t\t<p style=\"font-weight: bold;\"> * Seu telefone<br \/>\n<span class=\"wpcf7-form-control-wrap\" data-name=\"telefone\"><input size=\"40\" maxlength=\"400\" class=\"wpcf7-form-control wpcf7-tel wpcf7-validates-as-required wpcf7-text wpcf7-validates-as-tel\" aria-required=\"true\" aria-invalid=\"false\" placeholder=\"(DDD) XXXX-XXX\" value=\"\" type=\"tel\" name=\"telefone\" \/><\/span>\n\t\t<\/p>\n\t<\/div>\n\t<div id=\"right\">\n\t\t<p style=\"font-weight: bold;\"> * \u00c1rea a que deseja se voluntariar:\n\t\t<\/p>\n\t\t<p><span class=\"wpcf7-form-control-wrap\" data-name=\"MotivodoContato\"><span class=\"wpcf7-form-control wpcf7-checkbox wpcf7-validates-as-required\"><span class=\"wpcf7-list-item first\"><label><input type=\"checkbox\" name=\"MotivodoContato[]\" value=\"Jornalismo\" \/><span class=\"wpcf7-list-item-label\">Jornalismo<\/span><\/label><\/span><span class=\"wpcf7-list-item\"><label><input type=\"checkbox\" name=\"MotivodoContato[]\" value=\"Fotografia\" \/><span class=\"wpcf7-list-item-label\">Fotografia<\/span><\/label><\/span><span class=\"wpcf7-list-item\"><label><input type=\"checkbox\" name=\"MotivodoContato[]\" value=\"Social Media\" \/><span class=\"wpcf7-list-item-label\">Social Media<\/span><\/label><\/span><span class=\"wpcf7-list-item\"><label><input type=\"checkbox\" name=\"MotivodoContato[]\" value=\"Design Gr\u00e1fico\/Produ\u00e7\u00e3o Editorial\" \/><span class=\"wpcf7-list-item-label\">Design Gr\u00e1fico\/Produ\u00e7\u00e3o Editorial<\/span><\/label><\/span><span class=\"wpcf7-list-item last\"><label><input type=\"checkbox\" name=\"MotivodoContato[]\" value=\"Cerimonial\" \/><span class=\"wpcf7-list-item-label\">Cerimonial<\/span><\/label><\/span><\/span><\/span>\n\t\t<\/p>\n\t\t<p style=\"font-weight: bold;\"> Tem alguma observa\u00e7\u00e3o que queira contar? (opcional)<br \/>\n<span class=\"wpcf7-form-control-wrap\" data-name=\"your-message\"><textarea cols=\"40\" rows=\"10\" maxlength=\"1500\" class=\"wpcf7-form-control wpcf7-textarea\" aria-invalid=\"false\" placeholder=\"Digite aqui sua mensagem\" name=\"your-message\"><\/textarea><\/span>\n\t\t<\/p>\n\t\t<p><input class=\"wpcf7-form-control wpcf7-submit has-spinner\" type=\"submit\" value=\"Enviar\" \/>\n\t\t<\/p>\n\t<\/div>\n<\/div><div class=\"wpcf7-response-output\" aria-hidden=\"true\"><\/div>\n<\/form>\n<\/div>\n<\/p>\t\t\t\t\t\t\t\t<\/div>\n\t\t\t\t<\/div>\n\t\t\t\t\t<\/div>\n\t\t<\/div>\n\t\t\t\t<div class=\"elementor-column elementor-col-16 elementor-top-column elementor-element elementor-element-8263946\" data-id=\"8263946\" data-element_type=\"column\" data-e-type=\"column\">\n\t\t\t<div class=\"elementor-widget-wrap\">\n\t\t\t\t\t\t\t<\/div>\n\t\t<\/div>\n\t\t\t\t\t<\/div>\n\t\t<\/section>\n\t\t\t\t<section class=\"elementor-section elementor-top-section elementor-element elementor-element-5aa1216b elementor-section-boxed elementor-section-height-default elementor-section-height-default\" data-id=\"5aa1216b\" data-element_type=\"section\" data-e-type=\"section\">\n\t\t\t\t\t\t<div class=\"elementor-container elementor-column-gap-default\">\n\t\t\t\t\t<div class=\"elementor-column elementor-col-100 elementor-top-column elementor-element elementor-element-53dd6c55\" data-id=\"53dd6c55\" data-element_type=\"column\" data-e-type=\"column\">\n\t\t\t<div class=\"elementor-widget-wrap\">\n\t\t\t\t\t\t\t<\/div>\n\t\t<\/div>\n\t\t\t\t\t<\/div>\n\t\t<\/section>\n\t\t\t\t<\/div>\n\t\t","protected":false},"excerpt":{"rendered":"<p>Voluntariado para Assessoria de Comunica\u00e7\u00e3o e Eventos Observa\u00e7\u00e3o Para ser um volunt\u00e1rio na Comunh\u00e3o \u00e9 necess\u00e1rio cumprir os pr\u00e9-requisitos abaixo: ter estudado ou estar estudando o ESDE; ser associado\u00a0contribuinte;<\/p>\n","protected":false},"author":2,"featured_media":0,"parent":9250,"menu_order":0,"comment_status":"closed","ping_status":"closed","template":"","meta":{"footnotes":""},"class_list":["post-20638","page","type-page","status-publish","hentry"],"jetpack_sharing_enabled":true,"_links":{"self":[{"href":"https:\/\/comunhaoespirita.org.br\/portal\/wp-json\/wp\/v2\/pages\/20638","targetHints":{"allow":["GET"]}}],"collection":[{"href":"https:\/\/comunhaoespirita.org.br\/portal\/wp-json\/wp\/v2\/pages"}],"about":[{"href":"https:\/\/comunhaoespirita.org.br\/portal\/wp-json\/wp\/v2\/types\/page"}],"author":[{"embeddable":true,"href":"https:\/\/comunhaoespirita.org.br\/portal\/wp-json\/wp\/v2\/users\/2"}],"replies":[{"embeddable":true,"href":"https:\/\/comunhaoespirita.org.br\/portal\/wp-json\/wp\/v2\/comments?post=20638"}],"version-history":[{"count":14,"href":"https:\/\/comunhaoespirita.org.br\/portal\/wp-json\/wp\/v2\/pages\/20638\/revisions"}],"predecessor-version":[{"id":31550,"href":"https:\/\/comunhaoespirita.org.br\/portal\/wp-json\/wp\/v2\/pages\/20638\/revisions\/31550"}],"up":[{"embeddable":true,"href":"https:\/\/comunhaoespirita.org.br\/portal\/wp-json\/wp\/v2\/pages\/9250"}],"wp:attachment":[{"href":"https:\/\/comunhaoespirita.org.br\/portal\/wp-json\/wp\/v2\/media?parent=20638"}],"curies":[{"name":"wp","href":"https:\/\/api.w.org\/{rel}","templated":true}]}}

Voluntariado para Assessoria de Comunicação e Eventos

<div data-elementor-type="wp-page" data-elementor-id="20638" class="elementor elementor-20638" data-elementor-post-type="page">
						<section class="elementor-section elementor-top-section elementor-element elementor-element-ebc63e7 elementor-section-boxed elementor-section-height-default elementor-section-height-default" data-id="ebc63e7" data-element_type="section" data-e-type="section">
						<div class="elementor-container elementor-column-gap-default">
					<div class="elementor-column elementor-col-100 elementor-top-column elementor-element elementor-element-d381557" data-id="d381557" data-element_type="column" data-e-type="column">
			<div class="elementor-widget-wrap elementor-element-populated">
						<div class="elementor-element elementor-element-4f1b239 elementor-widget elementor-widget-heading" data-id="4f1b239" data-element_type="widget" data-e-type="widget" data-widget_type="heading.default">
				<div class="elementor-widget-container">
					<h2 class="elementor-heading-title elementor-size-default">Voluntariado para Assessoria de Comunicação e Eventos</h2>				</div>
				</div>
					</div>
		</div>
					</div>
		</section>
				<section class="elementor-section elementor-top-section elementor-element elementor-element-6e9d623 elementor-section-boxed elementor-section-height-default elementor-section-height-default" data-id="6e9d623" data-element_type="section" data-e-type="section">
						<div class="elementor-container elementor-column-gap-default">
					<div class="elementor-column elementor-col-16 elementor-top-column elementor-element elementor-element-88f7615" data-id="88f7615" data-element_type="column" data-e-type="column">
			<div class="elementor-widget-wrap">
							</div>
		</div>
				<div class="elementor-column elementor-col-66 elementor-top-column elementor-element elementor-element-aaa2a10" data-id="aaa2a10" data-element_type="column" data-e-type="column">
			<div class="elementor-widget-wrap elementor-element-populated">
						<div class="elementor-element elementor-element-48c2d25e elementor-widget elementor-widget-text-editor" data-id="48c2d25e" data-element_type="widget" data-e-type="widget" data-widget_type="text-editor.default">
				<div class="elementor-widget-container">
									<p><strong>Observação</strong></p><p>Para ser um voluntário na Comunhão é necessário cumprir os pré-requisitos abaixo:</p><ul><li>ter estudado ou estar estudando o ESDE;</li><li>ser associado contribuinte;</li></ul><p>
<div class="wpcf7 no-js" id="wpcf7-f20643-o1" lang="pt-BR" dir="ltr" data-wpcf7-id="20643">
<div class="screen-reader-response"><p role="status" aria-live="polite" aria-atomic="true"></p> <ul></ul></div>
<form action="/portal/wp-json/wp/v2/pages/20638#wpcf7-f20643-o1" method="post" class="wpcf7-form init" aria-label="Formulários de contato" novalidate="novalidate" data-status="init">
<fieldset class="hidden-fields-container"><input type="hidden" name="_wpcf7" value="20643" /><input type="hidden" name="_wpcf7_version" value="6.1.5" /><input type="hidden" name="_wpcf7_locale" value="pt_BR" /><input type="hidden" name="_wpcf7_unit_tag" value="wpcf7-f20643-o1" /><input type="hidden" name="_wpcf7_container_post" value="0" /><input type="hidden" name="_wpcf7_posted_data_hash" value="" />
</fieldset>
<div id="two-column">
	<div id="left">
		<p style="font-weight: bold;"> Assunto: Voluntariado
		</p>
		<p style="font-weight: bold;"> * Seu nome<br />
<span class="wpcf7-form-control-wrap" data-name="your-name"><input size="40" maxlength="400" class="wpcf7-form-control wpcf7-text wpcf7-validates-as-required" aria-required="true" aria-invalid="false" placeholder="Digite seu nome" value="" type="text" name="your-name" /></span>
		</p>
		<p style="font-weight: bold;"> * Seu e-mail<br />
<span class="wpcf7-form-control-wrap" data-name="your-email"><input size="40" maxlength="400" class="wpcf7-form-control wpcf7-email wpcf7-validates-as-required wpcf7-text wpcf7-validates-as-email" aria-required="true" aria-invalid="false" placeholder="Digite seu e-mail" value="" type="email" name="your-email" /></span>
		</p>
		<p style="font-weight: bold;"> * Seu telefone<br />
<span class="wpcf7-form-control-wrap" data-name="telefone"><input size="40" maxlength="400" class="wpcf7-form-control wpcf7-tel wpcf7-validates-as-required wpcf7-text wpcf7-validates-as-tel" aria-required="true" aria-invalid="false" placeholder="(DDD) XXXX-XXX" value="" type="tel" name="telefone" /></span>
		</p>
	</div>
	<div id="right">
		<p style="font-weight: bold;"> * Área a que deseja se voluntariar:
		</p>
		<p><span class="wpcf7-form-control-wrap" data-name="MotivodoContato"><span class="wpcf7-form-control wpcf7-checkbox wpcf7-validates-as-required"><span class="wpcf7-list-item first"><label><input type="checkbox" name="MotivodoContato[]" value="Jornalismo" /><span class="wpcf7-list-item-label">Jornalismo</span></label></span><span class="wpcf7-list-item"><label><input type="checkbox" name="MotivodoContato[]" value="Fotografia" /><span class="wpcf7-list-item-label">Fotografia</span></label></span><span class="wpcf7-list-item"><label><input type="checkbox" name="MotivodoContato[]" value="Social Media" /><span class="wpcf7-list-item-label">Social Media</span></label></span><span class="wpcf7-list-item"><label><input type="checkbox" name="MotivodoContato[]" value="Design Gráfico/Produção Editorial" /><span class="wpcf7-list-item-label">Design Gráfico/Produção Editorial</span></label></span><span class="wpcf7-list-item last"><label><input type="checkbox" name="MotivodoContato[]" value="Cerimonial" /><span class="wpcf7-list-item-label">Cerimonial</span></label></span></span></span>
		</p>
		<p style="font-weight: bold;"> Tem alguma observação que queira contar? (opcional)<br />
<span class="wpcf7-form-control-wrap" data-name="your-message"><textarea cols="40" rows="10" maxlength="1500" class="wpcf7-form-control wpcf7-textarea" aria-invalid="false" placeholder="Digite aqui sua mensagem" name="your-message"></textarea></span>
		</p>
		<p><input class="wpcf7-form-control wpcf7-submit has-spinner" type="submit" value="Enviar" />
		</p>
	</div>
</div><div class="wpcf7-response-output" aria-hidden="true"></div>
</form>
</div>
</p>								</div>
				</div>
					</div>
		</div>
				<div class="elementor-column elementor-col-16 elementor-top-column elementor-element elementor-element-8263946" data-id="8263946" data-element_type="column" data-e-type="column">
			<div class="elementor-widget-wrap">
							</div>
		</div>
					</div>
		</section>
				<section class="elementor-section elementor-top-section elementor-element elementor-element-5aa1216b elementor-section-boxed elementor-section-height-default elementor-section-height-default" data-id="5aa1216b" data-element_type="section" data-e-type="section">
						<div class="elementor-container elementor-column-gap-default">
					<div class="elementor-column elementor-col-100 elementor-top-column elementor-element elementor-element-53dd6c55" data-id="53dd6c55" data-element_type="column" data-e-type="column">
			<div class="elementor-widget-wrap">
							</div>
		</div>
					</div>
		</section>
				</div>

<p>Voluntariado para Assessoria de Comunicação e Eventos Observação Para ser um voluntário na Comunhão é necessário cumprir os pré-requisitos abaixo: ter estudado ou estar estudando o ESDE; ser associado contribuinte;</p>
