{"id":3773,"date":"2022-03-22T12:58:11","date_gmt":"2022-03-22T15:58:11","guid":{"rendered":"https:\/\/comunhaoespirita.org.br\/dps-comunhao\/?page_id=3773"},"modified":"2022-03-22T12:59:44","modified_gmt":"2022-03-22T15:59:44","slug":"blog","status":"publish","type":"page","link":"https:\/\/comunhaoespirita.org.br\/dps-comunhao\/blog\/","title":{"rendered":"Blog"},"content":{"rendered":"\t\t<div data-elementor-type=\"wp-page\" data-elementor-id=\"3773\" class=\"elementor elementor-3773\" data-elementor-post-type=\"page\">\n\t\t\t\t\t\t<section class=\"elementor-section elementor-top-section elementor-element elementor-element-e4d4293 elementor-section-boxed elementor-section-height-default elementor-section-height-default\" data-id=\"e4d4293\" data-element_type=\"section\" data-settings=\"{&quot;background_background&quot;:&quot;classic&quot;}\">\n\t\t\t\t\t\t<div class=\"elementor-container elementor-column-gap-default\">\n\t\t\t\t\t<div class=\"elementor-column elementor-col-100 elementor-top-column elementor-element elementor-element-d58682f\" data-id=\"d58682f\" data-element_type=\"column\">\n\t\t\t<div class=\"elementor-widget-wrap\">\n\t\t\t\t\t\t\t<\/div>\n\t\t<\/div>\n\t\t\t\t\t<\/div>\n\t\t<\/section>\n\t\t\t\t<\/div>\n\t\t","protected":false},"excerpt":{"rendered":"<p>NossoBlog Ex-morador de rua faz palestra para volunt\u00e1rios do M\u00e3os Estendidas mar\u00e7o 14, 2022 Nenhum coment\u00e1rio Hoje Rog\u00e9rio Barba \u00e9 empreendedor, mas metade dos seus 50 anos foram passados em orfanatos Leia Mais Comunh\u00e3o se adapta para implantar o projeto M\u00e3os Estendidas mar\u00e7o 14, 2022 Nenhum coment\u00e1rio O projeto foi criado em 2021 para atender [&hellip;]<\/p>\n","protected":false},"author":2,"featured_media":0,"parent":0,"menu_order":0,"comment_status":"closed","ping_status":"closed","template":"elementor_header_footer","meta":{"footnotes":""},"class_list":["post-3773","page","type-page","status-publish","hentry"],"yoast_head":"<!-- This site is optimized with the Yoast SEO plugin v27.2 - https:\/\/yoast.com\/product\/yoast-seo-wordpress\/ -->\n<title>Blog - Diretoria de Promo\u00e7\u00e3o Social<\/title>\n<meta name=\"robots\" content=\"index, follow, max-snippet:-1, max-image-preview:large, max-video-preview:-1\" \/>\n<link rel=\"canonical\" href=\"https:\/\/comunhaoespirita.org.br\/dps-comunhao\/blog\/\" \/>\n<meta property=\"og:locale\" content=\"pt_BR\" \/>\n<meta property=\"og:type\" content=\"article\" \/>\n<meta property=\"og:title\" content=\"Blog - Diretoria de Promo\u00e7\u00e3o Social\" \/>\n<meta property=\"og:description\" content=\"NossoBlog Ex-morador de rua faz palestra para volunt\u00e1rios do M\u00e3os Estendidas mar\u00e7o 14, 2022 Nenhum coment\u00e1rio Hoje Rog\u00e9rio Barba \u00e9 empreendedor, mas metade dos seus 50 anos foram passados em orfanatos Leia Mais Comunh\u00e3o se adapta para implantar o projeto M\u00e3os Estendidas mar\u00e7o 14, 2022 Nenhum coment\u00e1rio O projeto foi criado em 2021 para atender [&hellip;]\" \/>\n<meta property=\"og:url\" content=\"https:\/\/comunhaoespirita.org.br\/dps-comunhao\/blog\/\" \/>\n<meta property=\"og:site_name\" content=\"Diretoria de Promo\u00e7\u00e3o Social\" \/>\n<meta property=\"article:modified_time\" content=\"2022-03-22T15:59:44+00:00\" \/>\n<meta property=\"og:image\" content=\"https:\/\/comunhaoespirita.org.br\/dps-comunhao\/wp-content\/plugins\/bdthemes-element-pack\/assets\/images\/divider\/jemik.svg\" \/>\n<meta name=\"twitter:card\" content=\"summary_large_image\" \/>\n<meta name=\"twitter:label1\" content=\"Est. tempo de leitura\" \/>\n\t<meta name=\"twitter:data1\" content=\"4 minutos\" \/>\n<script type=\"application\/ld+json\" class=\"yoast-schema-graph\">{\"@context\":\"https:\/\/schema.org\",\"@graph\":[{\"@type\":\"WebPage\",\"@id\":\"https:\/\/comunhaoespirita.org.br\/dps-comunhao\/blog\/\",\"url\":\"https:\/\/comunhaoespirita.org.br\/dps-comunhao\/blog\/\",\"name\":\"Blog - Diretoria de Promo\u00e7\u00e3o Social\",\"isPartOf\":{\"@id\":\"https:\/\/comunhaoespirita.org.br\/dps-comunhao\/#website\"},\"primaryImageOfPage\":{\"@id\":\"https:\/\/comunhaoespirita.org.br\/dps-comunhao\/blog\/#primaryimage\"},\"image\":{\"@id\":\"https:\/\/comunhaoespirita.org.br\/dps-comunhao\/blog\/#primaryimage\"},\"thumbnailUrl\":\"https:\/\/comunhaoespirita.org.br\/dps-comunhao\/wp-content\/plugins\/bdthemes-element-pack\/assets\/images\/divider\/jemik.svg\",\"datePublished\":\"2022-03-22T15:58:11+00:00\",\"dateModified\":\"2022-03-22T15:59:44+00:00\",\"breadcrumb\":{\"@id\":\"https:\/\/comunhaoespirita.org.br\/dps-comunhao\/blog\/#breadcrumb\"},\"inLanguage\":\"pt-BR\",\"potentialAction\":[{\"@type\":\"ReadAction\",\"target\":[\"https:\/\/comunhaoespirita.org.br\/dps-comunhao\/blog\/\"]}]},{\"@type\":\"ImageObject\",\"inLanguage\":\"pt-BR\",\"@id\":\"https:\/\/comunhaoespirita.org.br\/dps-comunhao\/blog\/#primaryimage\",\"url\":\"https:\/\/comunhaoespirita.org.br\/dps-comunhao\/wp-content\/plugins\/bdthemes-element-pack\/assets\/images\/divider\/jemik.svg\",\"contentUrl\":\"https:\/\/comunhaoespirita.org.br\/dps-comunhao\/wp-content\/plugins\/bdthemes-element-pack\/assets\/images\/divider\/jemik.svg\"},{\"@type\":\"BreadcrumbList\",\"@id\":\"https:\/\/comunhaoespirita.org.br\/dps-comunhao\/blog\/#breadcrumb\",\"itemListElement\":[{\"@type\":\"ListItem\",\"position\":1,\"name\":\"In\u00edcio\",\"item\":\"https:\/\/comunhaoespirita.org.br\/dps-comunhao\/\"},{\"@type\":\"ListItem\",\"position\":2,\"name\":\"Blog\"}]},{\"@type\":\"WebSite\",\"@id\":\"https:\/\/comunhaoespirita.org.br\/dps-comunhao\/#website\",\"url\":\"https:\/\/comunhaoespirita.org.br\/dps-comunhao\/\",\"name\":\"Diretoria de Promo\u00e7\u00e3o Social\",\"description\":\"Nossa inspira\u00e7\u00e3o \u00e9 a Promo\u00e7\u00e3o Social do Esp\u00edrito Imortal - Reabilitando o Ser\",\"publisher\":{\"@id\":\"https:\/\/comunhaoespirita.org.br\/dps-comunhao\/#organization\"},\"potentialAction\":[{\"@type\":\"SearchAction\",\"target\":{\"@type\":\"EntryPoint\",\"urlTemplate\":\"https:\/\/comunhaoespirita.org.br\/dps-comunhao\/?s={search_term_string}\"},\"query-input\":{\"@type\":\"PropertyValueSpecification\",\"valueRequired\":true,\"valueName\":\"search_term_string\"}}],\"inLanguage\":\"pt-BR\"},{\"@type\":\"Organization\",\"@id\":\"https:\/\/comunhaoespirita.org.br\/dps-comunhao\/#organization\",\"name\":\"Diretoria de Promo\u00e7\u00e3o Social da Comunh\u00e3o Esp\u00edrita de Bras\u00edlia\",\"url\":\"https:\/\/comunhaoespirita.org.br\/dps-comunhao\/\",\"logo\":{\"@type\":\"ImageObject\",\"inLanguage\":\"pt-BR\",\"@id\":\"https:\/\/comunhaoespirita.org.br\/dps-comunhao\/#\/schema\/logo\/image\/\",\"url\":\"https:\/\/comunhaoespirita.org.br\/dps-comunhao\/wp-content\/uploads\/2021\/12\/logo.png\",\"contentUrl\":\"https:\/\/comunhaoespirita.org.br\/dps-comunhao\/wp-content\/uploads\/2021\/12\/logo.png\",\"width\":241,\"height\":60,\"caption\":\"Diretoria de Promo\u00e7\u00e3o Social da Comunh\u00e3o Esp\u00edrita de Bras\u00edlia\"},\"image\":{\"@id\":\"https:\/\/comunhaoespirita.org.br\/dps-comunhao\/#\/schema\/logo\/image\/\"}}]}<\/script>\n<!-- \/ Yoast SEO plugin. -->","yoast_head_json":{"title":"Blog - Diretoria de Promo\u00e7\u00e3o Social","robots":{"index":"index","follow":"follow","max-snippet":"max-snippet:-1","max-image-preview":"max-image-preview:large","max-video-preview":"max-video-preview:-1"},"canonical":"https:\/\/comunhaoespirita.org.br\/dps-comunhao\/blog\/","og_locale":"pt_BR","og_type":"article","og_title":"Blog - Diretoria de Promo\u00e7\u00e3o Social","og_description":"NossoBlog Ex-morador de rua faz palestra para volunt\u00e1rios do M\u00e3os Estendidas mar\u00e7o 14, 2022 Nenhum coment\u00e1rio Hoje Rog\u00e9rio Barba \u00e9 empreendedor, mas metade dos seus 50 anos foram passados em orfanatos Leia Mais Comunh\u00e3o se adapta para implantar o projeto M\u00e3os Estendidas mar\u00e7o 14, 2022 Nenhum coment\u00e1rio O projeto foi criado em 2021 para atender [&hellip;]","og_url":"https:\/\/comunhaoespirita.org.br\/dps-comunhao\/blog\/","og_site_name":"Diretoria de Promo\u00e7\u00e3o Social","article_modified_time":"2022-03-22T15:59:44+00:00","og_image":[{"url":"https:\/\/comunhaoespirita.org.br\/dps-comunhao\/wp-content\/plugins\/bdthemes-element-pack\/assets\/images\/divider\/jemik.svg","type":"","width":"","height":""}],"twitter_card":"summary_large_image","twitter_misc":{"Est. tempo de leitura":"4 minutos"},"schema":{"@context":"https:\/\/schema.org","@graph":[{"@type":"WebPage","@id":"https:\/\/comunhaoespirita.org.br\/dps-comunhao\/blog\/","url":"https:\/\/comunhaoespirita.org.br\/dps-comunhao\/blog\/","name":"Blog - Diretoria de Promo\u00e7\u00e3o Social","isPartOf":{"@id":"https:\/\/comunhaoespirita.org.br\/dps-comunhao\/#website"},"primaryImageOfPage":{"@id":"https:\/\/comunhaoespirita.org.br\/dps-comunhao\/blog\/#primaryimage"},"image":{"@id":"https:\/\/comunhaoespirita.org.br\/dps-comunhao\/blog\/#primaryimage"},"thumbnailUrl":"https:\/\/comunhaoespirita.org.br\/dps-comunhao\/wp-content\/plugins\/bdthemes-element-pack\/assets\/images\/divider\/jemik.svg","datePublished":"2022-03-22T15:58:11+00:00","dateModified":"2022-03-22T15:59:44+00:00","breadcrumb":{"@id":"https:\/\/comunhaoespirita.org.br\/dps-comunhao\/blog\/#breadcrumb"},"inLanguage":"pt-BR","potentialAction":[{"@type":"ReadAction","target":["https:\/\/comunhaoespirita.org.br\/dps-comunhao\/blog\/"]}]},{"@type":"ImageObject","inLanguage":"pt-BR","@id":"https:\/\/comunhaoespirita.org.br\/dps-comunhao\/blog\/#primaryimage","url":"https:\/\/comunhaoespirita.org.br\/dps-comunhao\/wp-content\/plugins\/bdthemes-element-pack\/assets\/images\/divider\/jemik.svg","contentUrl":"https:\/\/comunhaoespirita.org.br\/dps-comunhao\/wp-content\/plugins\/bdthemes-element-pack\/assets\/images\/divider\/jemik.svg"},{"@type":"BreadcrumbList","@id":"https:\/\/comunhaoespirita.org.br\/dps-comunhao\/blog\/#breadcrumb","itemListElement":[{"@type":"ListItem","position":1,"name":"In\u00edcio","item":"https:\/\/comunhaoespirita.org.br\/dps-comunhao\/"},{"@type":"ListItem","position":2,"name":"Blog"}]},{"@type":"WebSite","@id":"https:\/\/comunhaoespirita.org.br\/dps-comunhao\/#website","url":"https:\/\/comunhaoespirita.org.br\/dps-comunhao\/","name":"Diretoria de Promo\u00e7\u00e3o Social","description":"Nossa inspira\u00e7\u00e3o \u00e9 a Promo\u00e7\u00e3o Social do Esp\u00edrito Imortal - Reabilitando o Ser","publisher":{"@id":"https:\/\/comunhaoespirita.org.br\/dps-comunhao\/#organization"},"potentialAction":[{"@type":"SearchAction","target":{"@type":"EntryPoint","urlTemplate":"https:\/\/comunhaoespirita.org.br\/dps-comunhao\/?s={search_term_string}"},"query-input":{"@type":"PropertyValueSpecification","valueRequired":true,"valueName":"search_term_string"}}],"inLanguage":"pt-BR"},{"@type":"Organization","@id":"https:\/\/comunhaoespirita.org.br\/dps-comunhao\/#organization","name":"Diretoria de Promo\u00e7\u00e3o Social da Comunh\u00e3o Esp\u00edrita de Bras\u00edlia","url":"https:\/\/comunhaoespirita.org.br\/dps-comunhao\/","logo":{"@type":"ImageObject","inLanguage":"pt-BR","@id":"https:\/\/comunhaoespirita.org.br\/dps-comunhao\/#\/schema\/logo\/image\/","url":"https:\/\/comunhaoespirita.org.br\/dps-comunhao\/wp-content\/uploads\/2021\/12\/logo.png","contentUrl":"https:\/\/comunhaoespirita.org.br\/dps-comunhao\/wp-content\/uploads\/2021\/12\/logo.png","width":241,"height":60,"caption":"Diretoria de Promo\u00e7\u00e3o Social da Comunh\u00e3o Esp\u00edrita de Bras\u00edlia"},"image":{"@id":"https:\/\/comunhaoespirita.org.br\/dps-comunhao\/#\/schema\/logo\/image\/"}}]}},"_links":{"self":[{"href":"https:\/\/comunhaoespirita.org.br\/dps-comunhao\/wp-json\/wp\/v2\/pages\/3773","targetHints":{"allow":["GET"]}}],"collection":[{"href":"https:\/\/comunhaoespirita.org.br\/dps-comunhao\/wp-json\/wp\/v2\/pages"}],"about":[{"href":"https:\/\/comunhaoespirita.org.br\/dps-comunhao\/wp-json\/wp\/v2\/types\/page"}],"author":[{"embeddable":true,"href":"https:\/\/comunhaoespirita.org.br\/dps-comunhao\/wp-json\/wp\/v2\/users\/2"}],"replies":[{"embeddable":true,"href":"https:\/\/comunhaoespirita.org.br\/dps-comunhao\/wp-json\/wp\/v2\/comments?post=3773"}],"version-history":[{"count":10,"href":"https:\/\/comunhaoespirita.org.br\/dps-comunhao\/wp-json\/wp\/v2\/pages\/3773\/revisions"}],"predecessor-version":[{"id":3784,"href":"https:\/\/comunhaoespirita.org.br\/dps-comunhao\/wp-json\/wp\/v2\/pages\/3773\/revisions\/3784"}],"wp:attachment":[{"href":"https:\/\/comunhaoespirita.org.br\/dps-comunhao\/wp-json\/wp\/v2\/media?parent=3773"}],"curies":[{"name":"wp","href":"https:\/\/api.w.org\/{rel}","templated":true}]}}

<p>NossoBlog Ex-morador de rua faz palestra para voluntários do Mãos Estendidas março 14, 2022 Nenhum comentário Hoje Rogério Barba é empreendedor, mas metade dos seus 50 anos foram passados em orfanatos Leia Mais Comunhão se adapta para implantar o projeto Mãos Estendidas março 14, 2022 Nenhum comentário O projeto foi criado em 2021 para atender [&hellip;]</p>

<!-- This site is optimized with the Yoast SEO plugin v27.2 - https://yoast.com/product/yoast-seo-wordpress/ -->
<title>Blog - Diretoria de Promoção Social</title>
<meta name="robots" content="index, follow, max-snippet:-1, max-image-preview:large, max-video-preview:-1" />
<link rel="canonical" href="https://comunhaoespirita.org.br/dps-comunhao/blog/" />
<meta property="og:locale" content="pt_BR" />
<meta property="og:type" content="article" />
<meta property="og:title" content="Blog - Diretoria de Promoção Social" />
<meta property="og:description" content="NossoBlog Ex-morador de rua faz palestra para voluntários do Mãos Estendidas março 14, 2022 Nenhum comentário Hoje Rogério Barba é empreendedor, mas metade dos seus 50 anos foram passados em orfanatos Leia Mais Comunhão se adapta para implantar o projeto Mãos Estendidas março 14, 2022 Nenhum comentário O projeto foi criado em 2021 para atender [&hellip;]" />
<meta property="og:url" content="https://comunhaoespirita.org.br/dps-comunhao/blog/" />
<meta property="og:site_name" content="Diretoria de Promoção Social" />
<meta property="article:modified_time" content="2022-03-22T15:59:44+00:00" />
<meta property="og:image" content="https://comunhaoespirita.org.br/dps-comunhao/wp-content/plugins/bdthemes-element-pack/assets/images/divider/jemik.svg" />
<meta name="twitter:card" content="summary_large_image" />
<meta name="twitter:label1" content="Est. tempo de leitura" />
	<meta name="twitter:data1" content="4 minutos" />
<script type="application/ld+json" class="yoast-schema-graph">{"@context":"https://schema.org","@graph":[{"@type":"WebPage","@id":"https://comunhaoespirita.org.br/dps-comunhao/blog/","url":"https://comunhaoespirita.org.br/dps-comunhao/blog/","name":"Blog - Diretoria de Promoção Social","isPartOf":{"@id":"https://comunhaoespirita.org.br/dps-comunhao/#website"},"primaryImageOfPage":{"@id":"https://comunhaoespirita.org.br/dps-comunhao/blog/#primaryimage"},"image":{"@id":"https://comunhaoespirita.org.br/dps-comunhao/blog/#primaryimage"},"thumbnailUrl":"https://comunhaoespirita.org.br/dps-comunhao/wp-content/plugins/bdthemes-element-pack/assets/images/divider/jemik.svg","datePublished":"2022-03-22T15:58:11+00:00","dateModified":"2022-03-22T15:59:44+00:00","breadcrumb":{"@id":"https://comunhaoespirita.org.br/dps-comunhao/blog/#breadcrumb"},"inLanguage":"pt-BR","potentialAction":[{"@type":"ReadAction","target":["https://comunhaoespirita.org.br/dps-comunhao/blog/"]}]},{"@type":"ImageObject","inLanguage":"pt-BR","@id":"https://comunhaoespirita.org.br/dps-comunhao/blog/#primaryimage","url":"https://comunhaoespirita.org.br/dps-comunhao/wp-content/plugins/bdthemes-element-pack/assets/images/divider/jemik.svg","contentUrl":"https://comunhaoespirita.org.br/dps-comunhao/wp-content/plugins/bdthemes-element-pack/assets/images/divider/jemik.svg"},{"@type":"BreadcrumbList","@id":"https://comunhaoespirita.org.br/dps-comunhao/blog/#breadcrumb","itemListElement":[{"@type":"ListItem","position":1,"name":"Início","item":"https://comunhaoespirita.org.br/dps-comunhao/"},{"@type":"ListItem","position":2,"name":"Blog"}]},{"@type":"WebSite","@id":"https://comunhaoespirita.org.br/dps-comunhao/#website","url":"https://comunhaoespirita.org.br/dps-comunhao/","name":"Diretoria de Promoção Social","description":"Nossa inspiração é a Promoção Social do Espírito Imortal - Reabilitando o Ser","publisher":{"@id":"https://comunhaoespirita.org.br/dps-comunhao/#organization"},"potentialAction":[{"@type":"SearchAction","target":{"@type":"EntryPoint","urlTemplate":"https://comunhaoespirita.org.br/dps-comunhao/?s={search_term_string}"},"query-input":{"@type":"PropertyValueSpecification","valueRequired":true,"valueName":"search_term_string"}}],"inLanguage":"pt-BR"},{"@type":"Organization","@id":"https://comunhaoespirita.org.br/dps-comunhao/#organization","name":"Diretoria de Promoção Social da Comunhão Espírita de Brasília","url":"https://comunhaoespirita.org.br/dps-comunhao/","logo":{"@type":"ImageObject","inLanguage":"pt-BR","@id":"https://comunhaoespirita.org.br/dps-comunhao/#/schema/logo/image/","url":"https://comunhaoespirita.org.br/dps-comunhao/wp-content/uploads/2021/12/logo.png","contentUrl":"https://comunhaoespirita.org.br/dps-comunhao/wp-content/uploads/2021/12/logo.png","width":241,"height":60,"caption":"Diretoria de Promoção Social da Comunhão Espírita de Brasília"},"image":{"@id":"https://comunhaoespirita.org.br/dps-comunhao/#/schema/logo/image/"}}]}</script>
<!-- / Yoast SEO plugin. -->

Blog - Diretoria de Promoção Social

NossoBlog Ex-morador de rua faz palestra para voluntários do Mãos Estendidas março 14, 2022 Nenhum comentário Hoje Rogério Barba é empreendedor, mas metade dos seus 50 anos foram passados em orfanatos Leia Mais Comunhão se adapta para implantar o projeto Mãos Estendidas março 14, 2022 Nenhum comentário O projeto foi criado em 2021 para atender [&hellip;]

Diretoria de Promoção Social

Início

Nossa inspiração é a Promoção Social do Espírito Imortal - Reabilitando o Ser

Diretoria de Promoção Social da Comunhão Espírita de Brasília
